{"id":1824,"date":"2015-03-09T19:25:53","date_gmt":"2015-03-09T19:25:53","guid":{"rendered":"https:\/\/demo.pro.radio\/wp1\/shows\/about-jenny\/"},"modified":"2025-02-08T06:32:09","modified_gmt":"2025-02-08T10:32:09","slug":"le-journal","status":"publish","type":"shows","link":"https:\/\/frequencecaraibe.com\/index.php\/shows\/le-journal\/","title":{"rendered":"Le Journal de Martinique 1\u00e8re"},"content":{"rendered":"<pre>Retrouvez l\u2019actualit\u00e9 locale, r\u00e9gionale et internationale avec la r\u00e9daction de Martinique la 1\u00e8re et France Info tous les jours sur RFC \u00e0 13h et 18h mais aussi \u00e0 7h, 8h du lundi au dimanche, et le flash de France Info \u00e0 10h et 15h du lundi au vendredi.<\/pre>\n","protected":false},"excerpt":{"rendered":"<p>Retrouvez l\u2019actualit\u00e9 locale, r\u00e9gionale et internationale avec la r\u00e9daction de Martinique la 1\u00e8re et France Info tous les jours sur RFC \u00e0 13h et 18h mais aussi \u00e0 7h, 8h du lundi au dimanche, et le flash de France Info \u00e0 10h et 15h du lundi au vendredi.<\/p>\n","protected":false},"featured_media":6421,"menu_order":0,"comment_status":"closed","ping_status":"closed","template":"","genre":[94],"class_list":["post-1824","shows","type-shows","status-publish","has-post-thumbnail","hentry","genre-info"],"yoast_head":"<!-- This site is optimized with the Yoast SEO plugin v27.2 - https:\/\/yoast.com\/product\/yoast-seo-wordpress\/ -->\n<title>Le Journal de Martinique 1\u00e8re - RADIO FREQUENCE CARAIBE<\/title>\n<meta name=\"robots\" content=\"index, follow, max-snippet:-1, max-image-preview:large, max-video-preview:-1\" \/>\n<link rel=\"canonical\" href=\"https:\/\/frequencecaraibe.com\/index.php\/shows\/le-journal\/\" \/>\n<meta property=\"og:locale\" content=\"fr_FR\" \/>\n<meta property=\"og:type\" content=\"article\" \/>\n<meta property=\"og:title\" content=\"Le Journal de Martinique 1\u00e8re - RADIO FREQUENCE CARAIBE\" \/>\n<meta property=\"og:description\" content=\"Retrouvez l\u2019actualit\u00e9 locale, r\u00e9gionale et internationale avec la r\u00e9daction de Martinique la 1\u00e8re et France Info tous les jours sur RFC \u00e0 13h et 18h mais aussi \u00e0 7h, 8h du lundi au dimanche, et le flash de France Info \u00e0 10h et 15h du lundi au vendredi.\" \/>\n<meta property=\"og:url\" content=\"https:\/\/frequencecaraibe.com\/index.php\/shows\/le-journal\/\" \/>\n<meta property=\"og:site_name\" content=\"RADIO FREQUENCE CARAIBE\" \/>\n<meta property=\"article:modified_time\" content=\"2025-02-08T10:32:09+00:00\" \/>\n<meta property=\"og:image\" content=\"https:\/\/frequencecaraibe.com\/wp-content\/uploads\/2015\/03\/news-scaled.jpg\" \/>\n\t<meta property=\"og:image:width\" content=\"2560\" \/>\n\t<meta property=\"og:image:height\" content=\"1707\" \/>\n\t<meta property=\"og:image:type\" content=\"image\/jpeg\" \/>\n<meta name=\"twitter:card\" content=\"summary_large_image\" \/>\n<script type=\"application\/ld+json\" class=\"yoast-schema-graph\">{\"@context\":\"https:\/\/schema.org\",\"@graph\":[{\"@type\":\"WebPage\",\"@id\":\"https:\/\/frequencecaraibe.com\/index.php\/shows\/le-journal\/\",\"url\":\"https:\/\/frequencecaraibe.com\/index.php\/shows\/le-journal\/\",\"name\":\"Le Journal de Martinique 1\u00e8re - RADIO FREQUENCE CARAIBE\",\"isPartOf\":{\"@id\":\"https:\/\/frequencecaraibe.com\/#website\"},\"primaryImageOfPage\":{\"@id\":\"https:\/\/frequencecaraibe.com\/index.php\/shows\/le-journal\/#primaryimage\"},\"image\":{\"@id\":\"https:\/\/frequencecaraibe.com\/index.php\/shows\/le-journal\/#primaryimage\"},\"thumbnailUrl\":\"https:\/\/frequencecaraibe.com\/wp-content\/uploads\/2015\/03\/news-scaled.jpg\",\"datePublished\":\"2015-03-09T19:25:53+00:00\",\"dateModified\":\"2025-02-08T10:32:09+00:00\",\"breadcrumb\":{\"@id\":\"https:\/\/frequencecaraibe.com\/index.php\/shows\/le-journal\/#breadcrumb\"},\"inLanguage\":\"fr-FR\",\"potentialAction\":[{\"@type\":\"ReadAction\",\"target\":[\"https:\/\/frequencecaraibe.com\/index.php\/shows\/le-journal\/\"]}]},{\"@type\":\"ImageObject\",\"inLanguage\":\"fr-FR\",\"@id\":\"https:\/\/frequencecaraibe.com\/index.php\/shows\/le-journal\/#primaryimage\",\"url\":\"https:\/\/frequencecaraibe.com\/wp-content\/uploads\/2015\/03\/news-scaled.jpg\",\"contentUrl\":\"https:\/\/frequencecaraibe.com\/wp-content\/uploads\/2015\/03\/news-scaled.jpg\",\"width\":2560,\"height\":1707},{\"@type\":\"BreadcrumbList\",\"@id\":\"https:\/\/frequencecaraibe.com\/index.php\/shows\/le-journal\/#breadcrumb\",\"itemListElement\":[{\"@type\":\"ListItem\",\"position\":1,\"name\":\"Accueil\",\"item\":\"https:\/\/frequencecaraibe.com\/\"},{\"@type\":\"ListItem\",\"position\":2,\"name\":\"Spectacles\",\"item\":\"https:\/\/frequencecaraibe.com\/index.php\/shows\/\"},{\"@type\":\"ListItem\",\"position\":3,\"name\":\"Le Journal de Martinique 1\u00e8re\"}]},{\"@type\":\"WebSite\",\"@id\":\"https:\/\/frequencecaraibe.com\/#website\",\"url\":\"https:\/\/frequencecaraibe.com\/\",\"name\":\"RADIO FREQUENCE CARAIBE\",\"description\":\"La radio de la cote caraibe !\",\"publisher\":{\"@id\":\"https:\/\/frequencecaraibe.com\/#organization\"},\"potentialAction\":[{\"@type\":\"SearchAction\",\"target\":{\"@type\":\"EntryPoint\",\"urlTemplate\":\"https:\/\/frequencecaraibe.com\/?s={search_term_string}\"},\"query-input\":{\"@type\":\"PropertyValueSpecification\",\"valueRequired\":true,\"valueName\":\"search_term_string\"}}],\"inLanguage\":\"fr-FR\"},{\"@type\":\"Organization\",\"@id\":\"https:\/\/frequencecaraibe.com\/#organization\",\"name\":\"RADIO FREQUENCE CARAIBE\",\"url\":\"https:\/\/frequencecaraibe.com\/\",\"logo\":{\"@type\":\"ImageObject\",\"inLanguage\":\"fr-FR\",\"@id\":\"https:\/\/frequencecaraibe.com\/#\/schema\/logo\/image\/\",\"url\":\"https:\/\/frequencecaraibe.com\/wp-content\/uploads\/2020\/06\/logo_rfc.jpg\",\"contentUrl\":\"https:\/\/frequencecaraibe.com\/wp-content\/uploads\/2020\/06\/logo_rfc.jpg\",\"width\":500,\"height\":500,\"caption\":\"RADIO FREQUENCE CARAIBE\"},\"image\":{\"@id\":\"https:\/\/frequencecaraibe.com\/#\/schema\/logo\/image\/\"}}]}<\/script>\n<!-- \/ Yoast SEO plugin. -->","yoast_head_json":{"title":"Le Journal de Martinique 1\u00e8re - RADIO FREQUENCE CARAIBE","robots":{"index":"index","follow":"follow","max-snippet":"max-snippet:-1","max-image-preview":"max-image-preview:large","max-video-preview":"max-video-preview:-1"},"canonical":"https:\/\/frequencecaraibe.com\/index.php\/shows\/le-journal\/","og_locale":"fr_FR","og_type":"article","og_title":"Le Journal de Martinique 1\u00e8re - RADIO FREQUENCE CARAIBE","og_description":"Retrouvez l\u2019actualit\u00e9 locale, r\u00e9gionale et internationale avec la r\u00e9daction de Martinique la 1\u00e8re et France Info tous les jours sur RFC \u00e0 13h et 18h mais aussi \u00e0 7h, 8h du lundi au dimanche, et le flash de France Info \u00e0 10h et 15h du lundi au vendredi.","og_url":"https:\/\/frequencecaraibe.com\/index.php\/shows\/le-journal\/","og_site_name":"RADIO FREQUENCE CARAIBE","article_modified_time":"2025-02-08T10:32:09+00:00","og_image":[{"width":2560,"height":1707,"url":"https:\/\/frequencecaraibe.com\/wp-content\/uploads\/2015\/03\/news-scaled.jpg","type":"image\/jpeg"}],"twitter_card":"summary_large_image","schema":{"@context":"https:\/\/schema.org","@graph":[{"@type":"WebPage","@id":"https:\/\/frequencecaraibe.com\/index.php\/shows\/le-journal\/","url":"https:\/\/frequencecaraibe.com\/index.php\/shows\/le-journal\/","name":"Le Journal de Martinique 1\u00e8re - RADIO FREQUENCE CARAIBE","isPartOf":{"@id":"https:\/\/frequencecaraibe.com\/#website"},"primaryImageOfPage":{"@id":"https:\/\/frequencecaraibe.com\/index.php\/shows\/le-journal\/#primaryimage"},"image":{"@id":"https:\/\/frequencecaraibe.com\/index.php\/shows\/le-journal\/#primaryimage"},"thumbnailUrl":"https:\/\/frequencecaraibe.com\/wp-content\/uploads\/2015\/03\/news-scaled.jpg","datePublished":"2015-03-09T19:25:53+00:00","dateModified":"2025-02-08T10:32:09+00:00","breadcrumb":{"@id":"https:\/\/frequencecaraibe.com\/index.php\/shows\/le-journal\/#breadcrumb"},"inLanguage":"fr-FR","potentialAction":[{"@type":"ReadAction","target":["https:\/\/frequencecaraibe.com\/index.php\/shows\/le-journal\/"]}]},{"@type":"ImageObject","inLanguage":"fr-FR","@id":"https:\/\/frequencecaraibe.com\/index.php\/shows\/le-journal\/#primaryimage","url":"https:\/\/frequencecaraibe.com\/wp-content\/uploads\/2015\/03\/news-scaled.jpg","contentUrl":"https:\/\/frequencecaraibe.com\/wp-content\/uploads\/2015\/03\/news-scaled.jpg","width":2560,"height":1707},{"@type":"BreadcrumbList","@id":"https:\/\/frequencecaraibe.com\/index.php\/shows\/le-journal\/#breadcrumb","itemListElement":[{"@type":"ListItem","position":1,"name":"Accueil","item":"https:\/\/frequencecaraibe.com\/"},{"@type":"ListItem","position":2,"name":"Spectacles","item":"https:\/\/frequencecaraibe.com\/index.php\/shows\/"},{"@type":"ListItem","position":3,"name":"Le Journal de Martinique 1\u00e8re"}]},{"@type":"WebSite","@id":"https:\/\/frequencecaraibe.com\/#website","url":"https:\/\/frequencecaraibe.com\/","name":"RADIO FREQUENCE CARAIBE","description":"La radio de la cote caraibe !","publisher":{"@id":"https:\/\/frequencecaraibe.com\/#organization"},"potentialAction":[{"@type":"SearchAction","target":{"@type":"EntryPoint","urlTemplate":"https:\/\/frequencecaraibe.com\/?s={search_term_string}"},"query-input":{"@type":"PropertyValueSpecification","valueRequired":true,"valueName":"search_term_string"}}],"inLanguage":"fr-FR"},{"@type":"Organization","@id":"https:\/\/frequencecaraibe.com\/#organization","name":"RADIO FREQUENCE CARAIBE","url":"https:\/\/frequencecaraibe.com\/","logo":{"@type":"ImageObject","inLanguage":"fr-FR","@id":"https:\/\/frequencecaraibe.com\/#\/schema\/logo\/image\/","url":"https:\/\/frequencecaraibe.com\/wp-content\/uploads\/2020\/06\/logo_rfc.jpg","contentUrl":"https:\/\/frequencecaraibe.com\/wp-content\/uploads\/2020\/06\/logo_rfc.jpg","width":500,"height":500,"caption":"RADIO FREQUENCE CARAIBE"},"image":{"@id":"https:\/\/frequencecaraibe.com\/#\/schema\/logo\/image\/"}}]}},"_links":{"self":[{"href":"https:\/\/frequencecaraibe.com\/index.php\/wp-json\/wp\/v2\/shows\/1824","targetHints":{"allow":["GET"]}}],"collection":[{"href":"https:\/\/frequencecaraibe.com\/index.php\/wp-json\/wp\/v2\/shows"}],"about":[{"href":"https:\/\/frequencecaraibe.com\/index.php\/wp-json\/wp\/v2\/types\/shows"}],"replies":[{"embeddable":true,"href":"https:\/\/frequencecaraibe.com\/index.php\/wp-json\/wp\/v2\/comments?post=1824"}],"version-history":[{"count":4,"href":"https:\/\/frequencecaraibe.com\/index.php\/wp-json\/wp\/v2\/shows\/1824\/revisions"}],"predecessor-version":[{"id":7634,"href":"https:\/\/frequencecaraibe.com\/index.php\/wp-json\/wp\/v2\/shows\/1824\/revisions\/7634"}],"wp:featuredmedia":[{"embeddable":true,"href":"https:\/\/frequencecaraibe.com\/index.php\/wp-json\/wp\/v2\/media\/6421"}],"wp:attachment":[{"href":"https:\/\/frequencecaraibe.com\/index.php\/wp-json\/wp\/v2\/media?parent=1824"}],"wp:term":[{"taxonomy":"genre","embeddable":true,"href":"https:\/\/frequencecaraibe.com\/index.php\/wp-json\/wp\/v2\/genre?post=1824"}],"curies":[{"name":"wp","href":"https:\/\/api.w.org\/{rel}","templated":true}]}}

Le Journal de Martinique 1ère

<pre>Retrouvez l’actualité locale, régionale et internationale avec la rédaction de Martinique la 1ère et France Info tous les jours sur RFC à 13h et 18h mais aussi à 7h, 8h du lundi au dimanche, et le flash de France Info à 10h et 15h du lundi au vendredi.</pre>

<p>Retrouvez l’actualité locale, régionale et internationale avec la rédaction de Martinique la 1ère et France Info tous les jours sur RFC à 13h et 18h mais aussi à 7h, 8h du lundi au dimanche, et le flash de France Info à 10h et 15h du lundi au vendredi.</p>

<!-- This site is optimized with the Yoast SEO plugin v27.2 - https://yoast.com/product/yoast-seo-wordpress/ -->
<title>Le Journal de Martinique 1ère - RADIO FREQUENCE CARAIBE</title>
<meta name="robots" content="index, follow, max-snippet:-1, max-image-preview:large, max-video-preview:-1" />
<link rel="canonical" href="https://frequencecaraibe.com/index.php/shows/le-journal/" />
<meta property="og:locale" content="fr_FR" />
<meta property="og:type" content="article" />
<meta property="og:title" content="Le Journal de Martinique 1ère - RADIO FREQUENCE CARAIBE" />
<meta property="og:description" content="Retrouvez l’actualité locale, régionale et internationale avec la rédaction de Martinique la 1ère et France Info tous les jours sur RFC à 13h et 18h mais aussi à 7h, 8h du lundi au dimanche, et le flash de France Info à 10h et 15h du lundi au vendredi." />
<meta property="og:url" content="https://frequencecaraibe.com/index.php/shows/le-journal/" />
<meta property="og:site_name" content="RADIO FREQUENCE CARAIBE" />
<meta property="article:modified_time" content="2025-02-08T10:32:09+00:00" />
<meta property="og:image" content="https://frequencecaraibe.com/wp-content/uploads/2015/03/news-scaled.jpg" />
	<meta property="og:image:width" content="2560" />
	<meta property="og:image:height" content="1707" />
	<meta property="og:image:type" content="image/jpeg" />
<meta name="twitter:card" content="summary_large_image" />
<script type="application/ld+json" class="yoast-schema-graph">{"@context":"https://schema.org","@graph":[{"@type":"WebPage","@id":"https://frequencecaraibe.com/index.php/shows/le-journal/","url":"https://frequencecaraibe.com/index.php/shows/le-journal/","name":"Le Journal de Martinique 1ère - RADIO FREQUENCE CARAIBE","isPartOf":{"@id":"https://frequencecaraibe.com/#website"},"primaryImageOfPage":{"@id":"https://frequencecaraibe.com/index.php/shows/le-journal/#primaryimage"},"image":{"@id":"https://frequencecaraibe.com/index.php/shows/le-journal/#primaryimage"},"thumbnailUrl":"https://frequencecaraibe.com/wp-content/uploads/2015/03/news-scaled.jpg","datePublished":"2015-03-09T19:25:53+00:00","dateModified":"2025-02-08T10:32:09+00:00","breadcrumb":{"@id":"https://frequencecaraibe.com/index.php/shows/le-journal/#breadcrumb"},"inLanguage":"fr-FR","potentialAction":[{"@type":"ReadAction","target":["https://frequencecaraibe.com/index.php/shows/le-journal/"]}]},{"@type":"ImageObject","inLanguage":"fr-FR","@id":"https://frequencecaraibe.com/index.php/shows/le-journal/#primaryimage","url":"https://frequencecaraibe.com/wp-content/uploads/2015/03/news-scaled.jpg","contentUrl":"https://frequencecaraibe.com/wp-content/uploads/2015/03/news-scaled.jpg","width":2560,"height":1707},{"@type":"BreadcrumbList","@id":"https://frequencecaraibe.com/index.php/shows/le-journal/#breadcrumb","itemListElement":[{"@type":"ListItem","position":1,"name":"Accueil","item":"https://frequencecaraibe.com/"},{"@type":"ListItem","position":2,"name":"Spectacles","item":"https://frequencecaraibe.com/index.php/shows/"},{"@type":"ListItem","position":3,"name":"Le Journal de Martinique 1ère"}]},{"@type":"WebSite","@id":"https://frequencecaraibe.com/#website","url":"https://frequencecaraibe.com/","name":"RADIO FREQUENCE CARAIBE","description":"La radio de la cote caraibe !","publisher":{"@id":"https://frequencecaraibe.com/#organization"},"potentialAction":[{"@type":"SearchAction","target":{"@type":"EntryPoint","urlTemplate":"https://frequencecaraibe.com/?s={search_term_string}"},"query-input":{"@type":"PropertyValueSpecification","valueRequired":true,"valueName":"search_term_string"}}],"inLanguage":"fr-FR"},{"@type":"Organization","@id":"https://frequencecaraibe.com/#organization","name":"RADIO FREQUENCE CARAIBE","url":"https://frequencecaraibe.com/","logo":{"@type":"ImageObject","inLanguage":"fr-FR","@id":"https://frequencecaraibe.com/#/schema/logo/image/","url":"https://frequencecaraibe.com/wp-content/uploads/2020/06/logo_rfc.jpg","contentUrl":"https://frequencecaraibe.com/wp-content/uploads/2020/06/logo_rfc.jpg","width":500,"height":500,"caption":"RADIO FREQUENCE CARAIBE"},"image":{"@id":"https://frequencecaraibe.com/#/schema/logo/image/"}}]}</script>
<!-- / Yoast SEO plugin. -->

Le Journal de Martinique 1ère - RADIO FREQUENCE CARAIBE

Retrouvez l’actualité locale, régionale et internationale avec la rédaction de Martinique la 1ère et France Info tous les jours sur RFC à 13h et 18h mais aussi à 7h, 8h du lundi au dimanche, et le flash de France Info à 10h et 15h du lundi au vendredi.
