{"id":8831,"date":"2025-06-12T13:09:00","date_gmt":"2025-06-12T17:09:00","guid":{"rendered":"https:\/\/frequencecaraibe.com\/?post_type=podcast&#038;p=8831"},"modified":"2025-06-12T13:09:00","modified_gmt":"2025-06-12T17:09:00","slug":"breaking-news-france-travail-theme-chimin-pou-lemploi-du-nord","status":"publish","type":"podcast","link":"https:\/\/frequencecaraibe.com\/index.php\/podcast\/breaking-news-france-travail-theme-chimin-pou-lemploi-du-nord\/","title":{"rendered":"BREAKING NEWS FRANCE TRAVAIL \/ TH\u00c8ME : CHIMIN POU L&rsquo;EMPLOI DU NORD"},"content":{"rendered":"<p><span class=\"yt-core-attributed-string--link-inherit-color\" dir=\"auto\">L&rsquo;\u00e9mission \u00ab\u00a0BREAKING NEWS FRANCE TRAVAIL\u00a0\u00bb, avec l&rsquo;agence France Travail de Saint-Pierre Tous les 2\u00e8me et 4\u00e8me Jeudi du mois 9H -10H <\/span><\/p>\n<ul class=\"yt-core-attributed-string__list-group\" dir=\"ltr\">\n<li><span class=\"yt-core-attributed-string--link-inherit-color\" dir=\"auto\">Th\u00e8me du jour : Chimin pou l&#8217;emploi du Nord<\/span><\/li>\n<\/ul>\n","protected":false},"author":2,"featured_media":8832,"template":"","tags":[],"podcastfilter":[98],"class_list":["post-8831","podcast","type-podcast","status-publish","has-post-thumbnail","hentry","podcastfilter-itv"],"yoast_head":"<!-- This site is optimized with the Yoast SEO plugin v27.2 - https:\/\/yoast.com\/product\/yoast-seo-wordpress\/ -->\n<title>BREAKING NEWS FRANCE TRAVAIL \/ TH\u00c8ME : CHIMIN POU L&#039;EMPLOI DU NORD - RADIO FREQUENCE CARAIBE<\/title>\n<meta name=\"robots\" content=\"index, follow, max-snippet:-1, max-image-preview:large, max-video-preview:-1\" \/>\n<link rel=\"canonical\" href=\"https:\/\/frequencecaraibe.com\/index.php\/podcast\/breaking-news-france-travail-theme-chimin-pou-lemploi-du-nord\/\" \/>\n<meta property=\"og:locale\" content=\"fr_FR\" \/>\n<meta property=\"og:type\" content=\"article\" \/>\n<meta property=\"og:title\" content=\"BREAKING NEWS FRANCE TRAVAIL \/ TH\u00c8ME : CHIMIN POU L&#039;EMPLOI DU NORD - RADIO FREQUENCE CARAIBE\" \/>\n<meta property=\"og:description\" content=\"L&rsquo;\u00e9mission \u00ab\u00a0BREAKING NEWS FRANCE TRAVAIL\u00a0\u00bb, avec l&rsquo;agence France Travail de Saint-Pierre Tous les 2\u00e8me et 4\u00e8me Jeudi du mois 9H -10H Th\u00e8me du jour : Chimin pou l&#8217;emploi du Nord\" \/>\n<meta property=\"og:url\" content=\"https:\/\/frequencecaraibe.com\/index.php\/podcast\/breaking-news-france-travail-theme-chimin-pou-lemploi-du-nord\/\" \/>\n<meta property=\"og:site_name\" content=\"RADIO FREQUENCE CARAIBE\" \/>\n<meta property=\"og:image\" content=\"https:\/\/frequencecaraibe.com\/wp-content\/uploads\/2025\/06\/Breaking-News-France-Travail-Chimin-pou-lEmploi-du-Nord-1.png\" \/>\n\t<meta property=\"og:image:width\" content=\"600\" \/>\n\t<meta property=\"og:image:height\" content=\"600\" \/>\n\t<meta property=\"og:image:type\" content=\"image\/png\" \/>\n<meta name=\"twitter:card\" content=\"summary_large_image\" \/>\n<meta name=\"twitter:label1\" content=\"Dur\u00e9e de lecture estim\u00e9e\" \/>\n\t<meta name=\"twitter:data1\" content=\"1 minute\" \/>\n<script type=\"application\/ld+json\" class=\"yoast-schema-graph\">{\"@context\":\"https:\/\/schema.org\",\"@graph\":[{\"@type\":\"WebPage\",\"@id\":\"https:\/\/frequencecaraibe.com\/index.php\/podcast\/breaking-news-france-travail-theme-chimin-pou-lemploi-du-nord\/\",\"url\":\"https:\/\/frequencecaraibe.com\/index.php\/podcast\/breaking-news-france-travail-theme-chimin-pou-lemploi-du-nord\/\",\"name\":\"BREAKING NEWS FRANCE TRAVAIL \/ TH\u00c8ME : CHIMIN POU L'EMPLOI DU NORD - RADIO FREQUENCE CARAIBE\",\"isPartOf\":{\"@id\":\"https:\/\/frequencecaraibe.com\/#website\"},\"primaryImageOfPage\":{\"@id\":\"https:\/\/frequencecaraibe.com\/index.php\/podcast\/breaking-news-france-travail-theme-chimin-pou-lemploi-du-nord\/#primaryimage\"},\"image\":{\"@id\":\"https:\/\/frequencecaraibe.com\/index.php\/podcast\/breaking-news-france-travail-theme-chimin-pou-lemploi-du-nord\/#primaryimage\"},\"thumbnailUrl\":\"https:\/\/frequencecaraibe.com\/wp-content\/uploads\/2025\/06\/Breaking-News-France-Travail-Chimin-pou-lEmploi-du-Nord-1.png\",\"datePublished\":\"2025-06-12T17:09:00+00:00\",\"breadcrumb\":{\"@id\":\"https:\/\/frequencecaraibe.com\/index.php\/podcast\/breaking-news-france-travail-theme-chimin-pou-lemploi-du-nord\/#breadcrumb\"},\"inLanguage\":\"fr-FR\",\"potentialAction\":[{\"@type\":\"ReadAction\",\"target\":[\"https:\/\/frequencecaraibe.com\/index.php\/podcast\/breaking-news-france-travail-theme-chimin-pou-lemploi-du-nord\/\"]}]},{\"@type\":\"ImageObject\",\"inLanguage\":\"fr-FR\",\"@id\":\"https:\/\/frequencecaraibe.com\/index.php\/podcast\/breaking-news-france-travail-theme-chimin-pou-lemploi-du-nord\/#primaryimage\",\"url\":\"https:\/\/frequencecaraibe.com\/wp-content\/uploads\/2025\/06\/Breaking-News-France-Travail-Chimin-pou-lEmploi-du-Nord-1.png\",\"contentUrl\":\"https:\/\/frequencecaraibe.com\/wp-content\/uploads\/2025\/06\/Breaking-News-France-Travail-Chimin-pou-lEmploi-du-Nord-1.png\",\"width\":600,\"height\":600},{\"@type\":\"BreadcrumbList\",\"@id\":\"https:\/\/frequencecaraibe.com\/index.php\/podcast\/breaking-news-france-travail-theme-chimin-pou-lemploi-du-nord\/#breadcrumb\",\"itemListElement\":[{\"@type\":\"ListItem\",\"position\":1,\"name\":\"Accueil\",\"item\":\"https:\/\/frequencecaraibe.com\/\"},{\"@type\":\"ListItem\",\"position\":2,\"name\":\"Podcast\",\"item\":\"https:\/\/frequencecaraibe.com\/index.php\/podcast\/\"},{\"@type\":\"ListItem\",\"position\":3,\"name\":\"BREAKING NEWS FRANCE TRAVAIL \/ TH\u00c8ME : CHIMIN POU L&rsquo;EMPLOI DU NORD\"}]},{\"@type\":\"WebSite\",\"@id\":\"https:\/\/frequencecaraibe.com\/#website\",\"url\":\"https:\/\/frequencecaraibe.com\/\",\"name\":\"RADIO FREQUENCE CARAIBE\",\"description\":\"La radio de la cote caraibe !\",\"publisher\":{\"@id\":\"https:\/\/frequencecaraibe.com\/#organization\"},\"potentialAction\":[{\"@type\":\"SearchAction\",\"target\":{\"@type\":\"EntryPoint\",\"urlTemplate\":\"https:\/\/frequencecaraibe.com\/?s={search_term_string}\"},\"query-input\":{\"@type\":\"PropertyValueSpecification\",\"valueRequired\":true,\"valueName\":\"search_term_string\"}}],\"inLanguage\":\"fr-FR\"},{\"@type\":\"Organization\",\"@id\":\"https:\/\/frequencecaraibe.com\/#organization\",\"name\":\"RADIO FREQUENCE CARAIBE\",\"url\":\"https:\/\/frequencecaraibe.com\/\",\"logo\":{\"@type\":\"ImageObject\",\"inLanguage\":\"fr-FR\",\"@id\":\"https:\/\/frequencecaraibe.com\/#\/schema\/logo\/image\/\",\"url\":\"https:\/\/frequencecaraibe.com\/wp-content\/uploads\/2020\/06\/logo_rfc.jpg\",\"contentUrl\":\"https:\/\/frequencecaraibe.com\/wp-content\/uploads\/2020\/06\/logo_rfc.jpg\",\"width\":500,\"height\":500,\"caption\":\"RADIO FREQUENCE CARAIBE\"},\"image\":{\"@id\":\"https:\/\/frequencecaraibe.com\/#\/schema\/logo\/image\/\"}}]}<\/script>\n<!-- \/ Yoast SEO plugin. -->","yoast_head_json":{"title":"BREAKING NEWS FRANCE TRAVAIL \/ TH\u00c8ME : CHIMIN POU L'EMPLOI DU NORD - RADIO FREQUENCE CARAIBE","robots":{"index":"index","follow":"follow","max-snippet":"max-snippet:-1","max-image-preview":"max-image-preview:large","max-video-preview":"max-video-preview:-1"},"canonical":"https:\/\/frequencecaraibe.com\/index.php\/podcast\/breaking-news-france-travail-theme-chimin-pou-lemploi-du-nord\/","og_locale":"fr_FR","og_type":"article","og_title":"BREAKING NEWS FRANCE TRAVAIL \/ TH\u00c8ME : CHIMIN POU L'EMPLOI DU NORD - RADIO FREQUENCE CARAIBE","og_description":"L&rsquo;\u00e9mission \u00ab\u00a0BREAKING NEWS FRANCE TRAVAIL\u00a0\u00bb, avec l&rsquo;agence France Travail de Saint-Pierre Tous les 2\u00e8me et 4\u00e8me Jeudi du mois 9H -10H Th\u00e8me du jour : Chimin pou l&#8217;emploi du Nord","og_url":"https:\/\/frequencecaraibe.com\/index.php\/podcast\/breaking-news-france-travail-theme-chimin-pou-lemploi-du-nord\/","og_site_name":"RADIO FREQUENCE CARAIBE","og_image":[{"width":600,"height":600,"url":"https:\/\/frequencecaraibe.com\/wp-content\/uploads\/2025\/06\/Breaking-News-France-Travail-Chimin-pou-lEmploi-du-Nord-1.png","type":"image\/png"}],"twitter_card":"summary_large_image","twitter_misc":{"Dur\u00e9e de lecture estim\u00e9e":"1 minute"},"schema":{"@context":"https:\/\/schema.org","@graph":[{"@type":"WebPage","@id":"https:\/\/frequencecaraibe.com\/index.php\/podcast\/breaking-news-france-travail-theme-chimin-pou-lemploi-du-nord\/","url":"https:\/\/frequencecaraibe.com\/index.php\/podcast\/breaking-news-france-travail-theme-chimin-pou-lemploi-du-nord\/","name":"BREAKING NEWS FRANCE TRAVAIL \/ TH\u00c8ME : CHIMIN POU L'EMPLOI DU NORD - RADIO FREQUENCE CARAIBE","isPartOf":{"@id":"https:\/\/frequencecaraibe.com\/#website"},"primaryImageOfPage":{"@id":"https:\/\/frequencecaraibe.com\/index.php\/podcast\/breaking-news-france-travail-theme-chimin-pou-lemploi-du-nord\/#primaryimage"},"image":{"@id":"https:\/\/frequencecaraibe.com\/index.php\/podcast\/breaking-news-france-travail-theme-chimin-pou-lemploi-du-nord\/#primaryimage"},"thumbnailUrl":"https:\/\/frequencecaraibe.com\/wp-content\/uploads\/2025\/06\/Breaking-News-France-Travail-Chimin-pou-lEmploi-du-Nord-1.png","datePublished":"2025-06-12T17:09:00+00:00","breadcrumb":{"@id":"https:\/\/frequencecaraibe.com\/index.php\/podcast\/breaking-news-france-travail-theme-chimin-pou-lemploi-du-nord\/#breadcrumb"},"inLanguage":"fr-FR","potentialAction":[{"@type":"ReadAction","target":["https:\/\/frequencecaraibe.com\/index.php\/podcast\/breaking-news-france-travail-theme-chimin-pou-lemploi-du-nord\/"]}]},{"@type":"ImageObject","inLanguage":"fr-FR","@id":"https:\/\/frequencecaraibe.com\/index.php\/podcast\/breaking-news-france-travail-theme-chimin-pou-lemploi-du-nord\/#primaryimage","url":"https:\/\/frequencecaraibe.com\/wp-content\/uploads\/2025\/06\/Breaking-News-France-Travail-Chimin-pou-lEmploi-du-Nord-1.png","contentUrl":"https:\/\/frequencecaraibe.com\/wp-content\/uploads\/2025\/06\/Breaking-News-France-Travail-Chimin-pou-lEmploi-du-Nord-1.png","width":600,"height":600},{"@type":"BreadcrumbList","@id":"https:\/\/frequencecaraibe.com\/index.php\/podcast\/breaking-news-france-travail-theme-chimin-pou-lemploi-du-nord\/#breadcrumb","itemListElement":[{"@type":"ListItem","position":1,"name":"Accueil","item":"https:\/\/frequencecaraibe.com\/"},{"@type":"ListItem","position":2,"name":"Podcast","item":"https:\/\/frequencecaraibe.com\/index.php\/podcast\/"},{"@type":"ListItem","position":3,"name":"BREAKING NEWS FRANCE TRAVAIL \/ TH\u00c8ME : CHIMIN POU L&rsquo;EMPLOI DU NORD"}]},{"@type":"WebSite","@id":"https:\/\/frequencecaraibe.com\/#website","url":"https:\/\/frequencecaraibe.com\/","name":"RADIO FREQUENCE CARAIBE","description":"La radio de la cote caraibe !","publisher":{"@id":"https:\/\/frequencecaraibe.com\/#organization"},"potentialAction":[{"@type":"SearchAction","target":{"@type":"EntryPoint","urlTemplate":"https:\/\/frequencecaraibe.com\/?s={search_term_string}"},"query-input":{"@type":"PropertyValueSpecification","valueRequired":true,"valueName":"search_term_string"}}],"inLanguage":"fr-FR"},{"@type":"Organization","@id":"https:\/\/frequencecaraibe.com\/#organization","name":"RADIO FREQUENCE CARAIBE","url":"https:\/\/frequencecaraibe.com\/","logo":{"@type":"ImageObject","inLanguage":"fr-FR","@id":"https:\/\/frequencecaraibe.com\/#\/schema\/logo\/image\/","url":"https:\/\/frequencecaraibe.com\/wp-content\/uploads\/2020\/06\/logo_rfc.jpg","contentUrl":"https:\/\/frequencecaraibe.com\/wp-content\/uploads\/2020\/06\/logo_rfc.jpg","width":500,"height":500,"caption":"RADIO FREQUENCE CARAIBE"},"image":{"@id":"https:\/\/frequencecaraibe.com\/#\/schema\/logo\/image\/"}}]}},"_links":{"self":[{"href":"https:\/\/frequencecaraibe.com\/index.php\/wp-json\/wp\/v2\/podcast\/8831","targetHints":{"allow":["GET"]}}],"collection":[{"href":"https:\/\/frequencecaraibe.com\/index.php\/wp-json\/wp\/v2\/podcast"}],"about":[{"href":"https:\/\/frequencecaraibe.com\/index.php\/wp-json\/wp\/v2\/types\/podcast"}],"author":[{"embeddable":true,"href":"https:\/\/frequencecaraibe.com\/index.php\/wp-json\/wp\/v2\/users\/2"}],"version-history":[{"count":1,"href":"https:\/\/frequencecaraibe.com\/index.php\/wp-json\/wp\/v2\/podcast\/8831\/revisions"}],"predecessor-version":[{"id":8833,"href":"https:\/\/frequencecaraibe.com\/index.php\/wp-json\/wp\/v2\/podcast\/8831\/revisions\/8833"}],"wp:featuredmedia":[{"embeddable":true,"href":"https:\/\/frequencecaraibe.com\/index.php\/wp-json\/wp\/v2\/media\/8832"}],"wp:attachment":[{"href":"https:\/\/frequencecaraibe.com\/index.php\/wp-json\/wp\/v2\/media?parent=8831"}],"wp:term":[{"taxonomy":"post_tag","embeddable":true,"href":"https:\/\/frequencecaraibe.com\/index.php\/wp-json\/wp\/v2\/tags?post=8831"},{"taxonomy":"podcastfilter","embeddable":true,"href":"https:\/\/frequencecaraibe.com\/index.php\/wp-json\/wp\/v2\/podcastfilter?post=8831"}],"curies":[{"name":"wp","href":"https:\/\/api.w.org\/{rel}","templated":true}]}}

BREAKING NEWS FRANCE TRAVAIL / THÈME : CHIMIN POU L&rsquo;EMPLOI DU NORD

<p><span class="yt-core-attributed-string--link-inherit-color" dir="auto">L&rsquo;émission « BREAKING NEWS FRANCE TRAVAIL », avec l&rsquo;agence France Travail de Saint-Pierre Tous les 2ème et 4ème Jeudi du mois 9H -10H </span></p>
<ul class="yt-core-attributed-string__list-group" dir="ltr">
<li><span class="yt-core-attributed-string--link-inherit-color" dir="auto">Thème du jour : Chimin pou l&#8217;emploi du Nord</span></li>
</ul>

<!-- This site is optimized with the Yoast SEO plugin v27.2 - https://yoast.com/product/yoast-seo-wordpress/ -->
<title>BREAKING NEWS FRANCE TRAVAIL / THÈME : CHIMIN POU L&#039;EMPLOI DU NORD - RADIO FREQUENCE CARAIBE</title>
<meta name="robots" content="index, follow, max-snippet:-1, max-image-preview:large, max-video-preview:-1" />
<link rel="canonical" href="https://frequencecaraibe.com/index.php/podcast/breaking-news-france-travail-theme-chimin-pou-lemploi-du-nord/" />
<meta property="og:locale" content="fr_FR" />
<meta property="og:type" content="article" />
<meta property="og:title" content="BREAKING NEWS FRANCE TRAVAIL / THÈME : CHIMIN POU L&#039;EMPLOI DU NORD - RADIO FREQUENCE CARAIBE" />
<meta property="og:description" content="L&rsquo;émission « BREAKING NEWS FRANCE TRAVAIL », avec l&rsquo;agence France Travail de Saint-Pierre Tous les 2ème et 4ème Jeudi du mois 9H -10H Thème du jour : Chimin pou l&#8217;emploi du Nord" />
<meta property="og:url" content="https://frequencecaraibe.com/index.php/podcast/breaking-news-france-travail-theme-chimin-pou-lemploi-du-nord/" />
<meta property="og:site_name" content="RADIO FREQUENCE CARAIBE" />
<meta property="og:image" content="https://frequencecaraibe.com/wp-content/uploads/2025/06/Breaking-News-France-Travail-Chimin-pou-lEmploi-du-Nord-1.png" />
	<meta property="og:image:width" content="600" />
	<meta property="og:image:height" content="600" />
	<meta property="og:image:type" content="image/png" />
<meta name="twitter:card" content="summary_large_image" />
<meta name="twitter:label1" content="Durée de lecture estimée" />
	<meta name="twitter:data1" content="1 minute" />
<script type="application/ld+json" class="yoast-schema-graph">{"@context":"https://schema.org","@graph":[{"@type":"WebPage","@id":"https://frequencecaraibe.com/index.php/podcast/breaking-news-france-travail-theme-chimin-pou-lemploi-du-nord/","url":"https://frequencecaraibe.com/index.php/podcast/breaking-news-france-travail-theme-chimin-pou-lemploi-du-nord/","name":"BREAKING NEWS FRANCE TRAVAIL / THÈME : CHIMIN POU L'EMPLOI DU NORD - RADIO FREQUENCE CARAIBE","isPartOf":{"@id":"https://frequencecaraibe.com/#website"},"primaryImageOfPage":{"@id":"https://frequencecaraibe.com/index.php/podcast/breaking-news-france-travail-theme-chimin-pou-lemploi-du-nord/#primaryimage"},"image":{"@id":"https://frequencecaraibe.com/index.php/podcast/breaking-news-france-travail-theme-chimin-pou-lemploi-du-nord/#primaryimage"},"thumbnailUrl":"https://frequencecaraibe.com/wp-content/uploads/2025/06/Breaking-News-France-Travail-Chimin-pou-lEmploi-du-Nord-1.png","datePublished":"2025-06-12T17:09:00+00:00","breadcrumb":{"@id":"https://frequencecaraibe.com/index.php/podcast/breaking-news-france-travail-theme-chimin-pou-lemploi-du-nord/#breadcrumb"},"inLanguage":"fr-FR","potentialAction":[{"@type":"ReadAction","target":["https://frequencecaraibe.com/index.php/podcast/breaking-news-france-travail-theme-chimin-pou-lemploi-du-nord/"]}]},{"@type":"ImageObject","inLanguage":"fr-FR","@id":"https://frequencecaraibe.com/index.php/podcast/breaking-news-france-travail-theme-chimin-pou-lemploi-du-nord/#primaryimage","url":"https://frequencecaraibe.com/wp-content/uploads/2025/06/Breaking-News-France-Travail-Chimin-pou-lEmploi-du-Nord-1.png","contentUrl":"https://frequencecaraibe.com/wp-content/uploads/2025/06/Breaking-News-France-Travail-Chimin-pou-lEmploi-du-Nord-1.png","width":600,"height":600},{"@type":"BreadcrumbList","@id":"https://frequencecaraibe.com/index.php/podcast/breaking-news-france-travail-theme-chimin-pou-lemploi-du-nord/#breadcrumb","itemListElement":[{"@type":"ListItem","position":1,"name":"Accueil","item":"https://frequencecaraibe.com/"},{"@type":"ListItem","position":2,"name":"Podcast","item":"https://frequencecaraibe.com/index.php/podcast/"},{"@type":"ListItem","position":3,"name":"BREAKING NEWS FRANCE TRAVAIL / THÈME : CHIMIN POU L&rsquo;EMPLOI DU NORD"}]},{"@type":"WebSite","@id":"https://frequencecaraibe.com/#website","url":"https://frequencecaraibe.com/","name":"RADIO FREQUENCE CARAIBE","description":"La radio de la cote caraibe !","publisher":{"@id":"https://frequencecaraibe.com/#organization"},"potentialAction":[{"@type":"SearchAction","target":{"@type":"EntryPoint","urlTemplate":"https://frequencecaraibe.com/?s={search_term_string}"},"query-input":{"@type":"PropertyValueSpecification","valueRequired":true,"valueName":"search_term_string"}}],"inLanguage":"fr-FR"},{"@type":"Organization","@id":"https://frequencecaraibe.com/#organization","name":"RADIO FREQUENCE CARAIBE","url":"https://frequencecaraibe.com/","logo":{"@type":"ImageObject","inLanguage":"fr-FR","@id":"https://frequencecaraibe.com/#/schema/logo/image/","url":"https://frequencecaraibe.com/wp-content/uploads/2020/06/logo_rfc.jpg","contentUrl":"https://frequencecaraibe.com/wp-content/uploads/2020/06/logo_rfc.jpg","width":500,"height":500,"caption":"RADIO FREQUENCE CARAIBE"},"image":{"@id":"https://frequencecaraibe.com/#/schema/logo/image/"}}]}</script>
<!-- / Yoast SEO plugin. -->

BREAKING NEWS FRANCE TRAVAIL / THÈME : CHIMIN POU L'EMPLOI DU NORD - RADIO FREQUENCE CARAIBE

L&rsquo;émission « BREAKING NEWS FRANCE TRAVAIL », avec l&rsquo;agence France Travail de Saint-Pierre Tous les 2ème et 4ème Jeudi du mois 9H -10H Thème du jour : Chimin pou l&#8217;emploi du Nord
