{"id":8701,"date":"2025-05-17T15:30:00","date_gmt":"2025-05-17T19:30:00","guid":{"rendered":"https:\/\/frequencecaraibe.com\/?post_type=podcast&#038;p=8701"},"modified":"2025-05-15T12:14:52","modified_gmt":"2025-05-15T16:14:52","slug":"tapis-rouge-invite-nicolas-lossen","status":"publish","type":"podcast","link":"https:\/\/frequencecaraibe.com\/index.php\/podcast\/tapis-rouge-invite-nicolas-lossen\/","title":{"rendered":"TAPIS ROUGE \/ INVIT\u00c9 : NICOLAS LOSSEN"},"content":{"rendered":"<p><span class=\"yt-core-attributed-string--link-inherit-color\" dir=\"auto\">TAPIS ROUGE, Musiques, Infos, Bonne Humeur, le samedi 13H30 &#8211; 15H, l&rsquo;\u00e9mission anim\u00e9e par Michelle. <\/span><\/p>\n<ul class=\"yt-core-attributed-string__list-group\" dir=\"ltr\">\n<li><span class=\"yt-core-attributed-string--link-inherit-color\" dir=\"auto\">Invit\u00e9 : NICOLAS LOSSEN, Conte Jazz Afrodescendants des Am\u00e9riques et pr\u00e9sentation de son titre \u00ab\u00a0D\u00e8y\u00e8 7 syel\u00a0\u00bb.<\/span><\/li>\n<\/ul>\n","protected":false},"author":2,"featured_media":8039,"template":"","tags":[],"podcastfilter":[98],"class_list":["post-8701","podcast","type-podcast","status-publish","has-post-thumbnail","hentry","podcastfilter-itv"],"yoast_head":"<!-- This site is optimized with the Yoast SEO plugin v27.2 - https:\/\/yoast.com\/product\/yoast-seo-wordpress\/ -->\n<title>TAPIS ROUGE \/ INVIT\u00c9 : NICOLAS LOSSEN - RADIO FREQUENCE CARAIBE<\/title>\n<meta name=\"robots\" content=\"index, follow, max-snippet:-1, max-image-preview:large, max-video-preview:-1\" \/>\n<link rel=\"canonical\" href=\"https:\/\/frequencecaraibe.com\/index.php\/podcast\/tapis-rouge-invite-nicolas-lossen\/\" \/>\n<meta property=\"og:locale\" content=\"fr_FR\" \/>\n<meta property=\"og:type\" content=\"article\" \/>\n<meta property=\"og:title\" content=\"TAPIS ROUGE \/ INVIT\u00c9 : NICOLAS LOSSEN - RADIO FREQUENCE CARAIBE\" \/>\n<meta property=\"og:description\" content=\"TAPIS ROUGE, Musiques, Infos, Bonne Humeur, le samedi 13H30 &#8211; 15H, l&rsquo;\u00e9mission anim\u00e9e par Michelle. Invit\u00e9 : NICOLAS LOSSEN, Conte Jazz Afrodescendants des Am\u00e9riques et pr\u00e9sentation de son titre \u00ab\u00a0D\u00e8y\u00e8 7 syel\u00a0\u00bb.\" \/>\n<meta property=\"og:url\" content=\"https:\/\/frequencecaraibe.com\/index.php\/podcast\/tapis-rouge-invite-nicolas-lossen\/\" \/>\n<meta property=\"og:site_name\" content=\"RADIO FREQUENCE CARAIBE\" \/>\n<meta property=\"og:image\" content=\"https:\/\/frequencecaraibe.com\/wp-content\/uploads\/2025\/03\/Tapis-Rouge-Cover.png\" \/>\n\t<meta property=\"og:image:width\" content=\"600\" \/>\n\t<meta property=\"og:image:height\" content=\"600\" \/>\n\t<meta property=\"og:image:type\" content=\"image\/png\" \/>\n<meta name=\"twitter:card\" content=\"summary_large_image\" \/>\n<meta name=\"twitter:label1\" content=\"Dur\u00e9e de lecture estim\u00e9e\" \/>\n\t<meta name=\"twitter:data1\" content=\"1 minute\" \/>\n<script type=\"application\/ld+json\" class=\"yoast-schema-graph\">{\"@context\":\"https:\/\/schema.org\",\"@graph\":[{\"@type\":\"WebPage\",\"@id\":\"https:\/\/frequencecaraibe.com\/index.php\/podcast\/tapis-rouge-invite-nicolas-lossen\/\",\"url\":\"https:\/\/frequencecaraibe.com\/index.php\/podcast\/tapis-rouge-invite-nicolas-lossen\/\",\"name\":\"TAPIS ROUGE \/ INVIT\u00c9 : NICOLAS LOSSEN - RADIO FREQUENCE CARAIBE\",\"isPartOf\":{\"@id\":\"https:\/\/frequencecaraibe.com\/#website\"},\"primaryImageOfPage\":{\"@id\":\"https:\/\/frequencecaraibe.com\/index.php\/podcast\/tapis-rouge-invite-nicolas-lossen\/#primaryimage\"},\"image\":{\"@id\":\"https:\/\/frequencecaraibe.com\/index.php\/podcast\/tapis-rouge-invite-nicolas-lossen\/#primaryimage\"},\"thumbnailUrl\":\"https:\/\/frequencecaraibe.com\/wp-content\/uploads\/2025\/03\/Tapis-Rouge-Cover.png\",\"datePublished\":\"2025-05-17T19:30:00+00:00\",\"breadcrumb\":{\"@id\":\"https:\/\/frequencecaraibe.com\/index.php\/podcast\/tapis-rouge-invite-nicolas-lossen\/#breadcrumb\"},\"inLanguage\":\"fr-FR\",\"potentialAction\":[{\"@type\":\"ReadAction\",\"target\":[\"https:\/\/frequencecaraibe.com\/index.php\/podcast\/tapis-rouge-invite-nicolas-lossen\/\"]}]},{\"@type\":\"ImageObject\",\"inLanguage\":\"fr-FR\",\"@id\":\"https:\/\/frequencecaraibe.com\/index.php\/podcast\/tapis-rouge-invite-nicolas-lossen\/#primaryimage\",\"url\":\"https:\/\/frequencecaraibe.com\/wp-content\/uploads\/2025\/03\/Tapis-Rouge-Cover.png\",\"contentUrl\":\"https:\/\/frequencecaraibe.com\/wp-content\/uploads\/2025\/03\/Tapis-Rouge-Cover.png\",\"width\":600,\"height\":600},{\"@type\":\"BreadcrumbList\",\"@id\":\"https:\/\/frequencecaraibe.com\/index.php\/podcast\/tapis-rouge-invite-nicolas-lossen\/#breadcrumb\",\"itemListElement\":[{\"@type\":\"ListItem\",\"position\":1,\"name\":\"Accueil\",\"item\":\"https:\/\/frequencecaraibe.com\/\"},{\"@type\":\"ListItem\",\"position\":2,\"name\":\"Podcast\",\"item\":\"https:\/\/frequencecaraibe.com\/index.php\/podcast\/\"},{\"@type\":\"ListItem\",\"position\":3,\"name\":\"TAPIS ROUGE \/ INVIT\u00c9 : NICOLAS LOSSEN\"}]},{\"@type\":\"WebSite\",\"@id\":\"https:\/\/frequencecaraibe.com\/#website\",\"url\":\"https:\/\/frequencecaraibe.com\/\",\"name\":\"RADIO FREQUENCE CARAIBE\",\"description\":\"La radio de la cote caraibe !\",\"publisher\":{\"@id\":\"https:\/\/frequencecaraibe.com\/#organization\"},\"potentialAction\":[{\"@type\":\"SearchAction\",\"target\":{\"@type\":\"EntryPoint\",\"urlTemplate\":\"https:\/\/frequencecaraibe.com\/?s={search_term_string}\"},\"query-input\":{\"@type\":\"PropertyValueSpecification\",\"valueRequired\":true,\"valueName\":\"search_term_string\"}}],\"inLanguage\":\"fr-FR\"},{\"@type\":\"Organization\",\"@id\":\"https:\/\/frequencecaraibe.com\/#organization\",\"name\":\"RADIO FREQUENCE CARAIBE\",\"url\":\"https:\/\/frequencecaraibe.com\/\",\"logo\":{\"@type\":\"ImageObject\",\"inLanguage\":\"fr-FR\",\"@id\":\"https:\/\/frequencecaraibe.com\/#\/schema\/logo\/image\/\",\"url\":\"https:\/\/frequencecaraibe.com\/wp-content\/uploads\/2020\/06\/logo_rfc.jpg\",\"contentUrl\":\"https:\/\/frequencecaraibe.com\/wp-content\/uploads\/2020\/06\/logo_rfc.jpg\",\"width\":500,\"height\":500,\"caption\":\"RADIO FREQUENCE CARAIBE\"},\"image\":{\"@id\":\"https:\/\/frequencecaraibe.com\/#\/schema\/logo\/image\/\"}}]}<\/script>\n<!-- \/ Yoast SEO plugin. -->","yoast_head_json":{"title":"TAPIS ROUGE \/ INVIT\u00c9 : NICOLAS LOSSEN - RADIO FREQUENCE CARAIBE","robots":{"index":"index","follow":"follow","max-snippet":"max-snippet:-1","max-image-preview":"max-image-preview:large","max-video-preview":"max-video-preview:-1"},"canonical":"https:\/\/frequencecaraibe.com\/index.php\/podcast\/tapis-rouge-invite-nicolas-lossen\/","og_locale":"fr_FR","og_type":"article","og_title":"TAPIS ROUGE \/ INVIT\u00c9 : NICOLAS LOSSEN - RADIO FREQUENCE CARAIBE","og_description":"TAPIS ROUGE, Musiques, Infos, Bonne Humeur, le samedi 13H30 &#8211; 15H, l&rsquo;\u00e9mission anim\u00e9e par Michelle. Invit\u00e9 : NICOLAS LOSSEN, Conte Jazz Afrodescendants des Am\u00e9riques et pr\u00e9sentation de son titre \u00ab\u00a0D\u00e8y\u00e8 7 syel\u00a0\u00bb.","og_url":"https:\/\/frequencecaraibe.com\/index.php\/podcast\/tapis-rouge-invite-nicolas-lossen\/","og_site_name":"RADIO FREQUENCE CARAIBE","og_image":[{"width":600,"height":600,"url":"https:\/\/frequencecaraibe.com\/wp-content\/uploads\/2025\/03\/Tapis-Rouge-Cover.png","type":"image\/png"}],"twitter_card":"summary_large_image","twitter_misc":{"Dur\u00e9e de lecture estim\u00e9e":"1 minute"},"schema":{"@context":"https:\/\/schema.org","@graph":[{"@type":"WebPage","@id":"https:\/\/frequencecaraibe.com\/index.php\/podcast\/tapis-rouge-invite-nicolas-lossen\/","url":"https:\/\/frequencecaraibe.com\/index.php\/podcast\/tapis-rouge-invite-nicolas-lossen\/","name":"TAPIS ROUGE \/ INVIT\u00c9 : NICOLAS LOSSEN - RADIO FREQUENCE CARAIBE","isPartOf":{"@id":"https:\/\/frequencecaraibe.com\/#website"},"primaryImageOfPage":{"@id":"https:\/\/frequencecaraibe.com\/index.php\/podcast\/tapis-rouge-invite-nicolas-lossen\/#primaryimage"},"image":{"@id":"https:\/\/frequencecaraibe.com\/index.php\/podcast\/tapis-rouge-invite-nicolas-lossen\/#primaryimage"},"thumbnailUrl":"https:\/\/frequencecaraibe.com\/wp-content\/uploads\/2025\/03\/Tapis-Rouge-Cover.png","datePublished":"2025-05-17T19:30:00+00:00","breadcrumb":{"@id":"https:\/\/frequencecaraibe.com\/index.php\/podcast\/tapis-rouge-invite-nicolas-lossen\/#breadcrumb"},"inLanguage":"fr-FR","potentialAction":[{"@type":"ReadAction","target":["https:\/\/frequencecaraibe.com\/index.php\/podcast\/tapis-rouge-invite-nicolas-lossen\/"]}]},{"@type":"ImageObject","inLanguage":"fr-FR","@id":"https:\/\/frequencecaraibe.com\/index.php\/podcast\/tapis-rouge-invite-nicolas-lossen\/#primaryimage","url":"https:\/\/frequencecaraibe.com\/wp-content\/uploads\/2025\/03\/Tapis-Rouge-Cover.png","contentUrl":"https:\/\/frequencecaraibe.com\/wp-content\/uploads\/2025\/03\/Tapis-Rouge-Cover.png","width":600,"height":600},{"@type":"BreadcrumbList","@id":"https:\/\/frequencecaraibe.com\/index.php\/podcast\/tapis-rouge-invite-nicolas-lossen\/#breadcrumb","itemListElement":[{"@type":"ListItem","position":1,"name":"Accueil","item":"https:\/\/frequencecaraibe.com\/"},{"@type":"ListItem","position":2,"name":"Podcast","item":"https:\/\/frequencecaraibe.com\/index.php\/podcast\/"},{"@type":"ListItem","position":3,"name":"TAPIS ROUGE \/ INVIT\u00c9 : NICOLAS LOSSEN"}]},{"@type":"WebSite","@id":"https:\/\/frequencecaraibe.com\/#website","url":"https:\/\/frequencecaraibe.com\/","name":"RADIO FREQUENCE CARAIBE","description":"La radio de la cote caraibe !","publisher":{"@id":"https:\/\/frequencecaraibe.com\/#organization"},"potentialAction":[{"@type":"SearchAction","target":{"@type":"EntryPoint","urlTemplate":"https:\/\/frequencecaraibe.com\/?s={search_term_string}"},"query-input":{"@type":"PropertyValueSpecification","valueRequired":true,"valueName":"search_term_string"}}],"inLanguage":"fr-FR"},{"@type":"Organization","@id":"https:\/\/frequencecaraibe.com\/#organization","name":"RADIO FREQUENCE CARAIBE","url":"https:\/\/frequencecaraibe.com\/","logo":{"@type":"ImageObject","inLanguage":"fr-FR","@id":"https:\/\/frequencecaraibe.com\/#\/schema\/logo\/image\/","url":"https:\/\/frequencecaraibe.com\/wp-content\/uploads\/2020\/06\/logo_rfc.jpg","contentUrl":"https:\/\/frequencecaraibe.com\/wp-content\/uploads\/2020\/06\/logo_rfc.jpg","width":500,"height":500,"caption":"RADIO FREQUENCE CARAIBE"},"image":{"@id":"https:\/\/frequencecaraibe.com\/#\/schema\/logo\/image\/"}}]}},"_links":{"self":[{"href":"https:\/\/frequencecaraibe.com\/index.php\/wp-json\/wp\/v2\/podcast\/8701","targetHints":{"allow":["GET"]}}],"collection":[{"href":"https:\/\/frequencecaraibe.com\/index.php\/wp-json\/wp\/v2\/podcast"}],"about":[{"href":"https:\/\/frequencecaraibe.com\/index.php\/wp-json\/wp\/v2\/types\/podcast"}],"author":[{"embeddable":true,"href":"https:\/\/frequencecaraibe.com\/index.php\/wp-json\/wp\/v2\/users\/2"}],"version-history":[{"count":1,"href":"https:\/\/frequencecaraibe.com\/index.php\/wp-json\/wp\/v2\/podcast\/8701\/revisions"}],"predecessor-version":[{"id":8702,"href":"https:\/\/frequencecaraibe.com\/index.php\/wp-json\/wp\/v2\/podcast\/8701\/revisions\/8702"}],"wp:featuredmedia":[{"embeddable":true,"href":"https:\/\/frequencecaraibe.com\/index.php\/wp-json\/wp\/v2\/media\/8039"}],"wp:attachment":[{"href":"https:\/\/frequencecaraibe.com\/index.php\/wp-json\/wp\/v2\/media?parent=8701"}],"wp:term":[{"taxonomy":"post_tag","embeddable":true,"href":"https:\/\/frequencecaraibe.com\/index.php\/wp-json\/wp\/v2\/tags?post=8701"},{"taxonomy":"podcastfilter","embeddable":true,"href":"https:\/\/frequencecaraibe.com\/index.php\/wp-json\/wp\/v2\/podcastfilter?post=8701"}],"curies":[{"name":"wp","href":"https:\/\/api.w.org\/{rel}","templated":true}]}}

TAPIS ROUGE / INVITÉ : NICOLAS LOSSEN

<p><span class="yt-core-attributed-string--link-inherit-color" dir="auto">TAPIS ROUGE, Musiques, Infos, Bonne Humeur, le samedi 13H30 &#8211; 15H, l&rsquo;émission animée par Michelle. </span></p>
<ul class="yt-core-attributed-string__list-group" dir="ltr">
<li><span class="yt-core-attributed-string--link-inherit-color" dir="auto">Invité : NICOLAS LOSSEN, Conte Jazz Afrodescendants des Amériques et présentation de son titre « Dèyè 7 syel ».</span></li>
</ul>

<!-- This site is optimized with the Yoast SEO plugin v27.2 - https://yoast.com/product/yoast-seo-wordpress/ -->
<title>TAPIS ROUGE / INVITÉ : NICOLAS LOSSEN - RADIO FREQUENCE CARAIBE</title>
<meta name="robots" content="index, follow, max-snippet:-1, max-image-preview:large, max-video-preview:-1" />
<link rel="canonical" href="https://frequencecaraibe.com/index.php/podcast/tapis-rouge-invite-nicolas-lossen/" />
<meta property="og:locale" content="fr_FR" />
<meta property="og:type" content="article" />
<meta property="og:title" content="TAPIS ROUGE / INVITÉ : NICOLAS LOSSEN - RADIO FREQUENCE CARAIBE" />
<meta property="og:description" content="TAPIS ROUGE, Musiques, Infos, Bonne Humeur, le samedi 13H30 &#8211; 15H, l&rsquo;émission animée par Michelle. Invité : NICOLAS LOSSEN, Conte Jazz Afrodescendants des Amériques et présentation de son titre « Dèyè 7 syel »." />
<meta property="og:url" content="https://frequencecaraibe.com/index.php/podcast/tapis-rouge-invite-nicolas-lossen/" />
<meta property="og:site_name" content="RADIO FREQUENCE CARAIBE" />
<meta property="og:image" content="https://frequencecaraibe.com/wp-content/uploads/2025/03/Tapis-Rouge-Cover.png" />
	<meta property="og:image:width" content="600" />
	<meta property="og:image:height" content="600" />
	<meta property="og:image:type" content="image/png" />
<meta name="twitter:card" content="summary_large_image" />
<meta name="twitter:label1" content="Durée de lecture estimée" />
	<meta name="twitter:data1" content="1 minute" />
<script type="application/ld+json" class="yoast-schema-graph">{"@context":"https://schema.org","@graph":[{"@type":"WebPage","@id":"https://frequencecaraibe.com/index.php/podcast/tapis-rouge-invite-nicolas-lossen/","url":"https://frequencecaraibe.com/index.php/podcast/tapis-rouge-invite-nicolas-lossen/","name":"TAPIS ROUGE / INVITÉ : NICOLAS LOSSEN - RADIO FREQUENCE CARAIBE","isPartOf":{"@id":"https://frequencecaraibe.com/#website"},"primaryImageOfPage":{"@id":"https://frequencecaraibe.com/index.php/podcast/tapis-rouge-invite-nicolas-lossen/#primaryimage"},"image":{"@id":"https://frequencecaraibe.com/index.php/podcast/tapis-rouge-invite-nicolas-lossen/#primaryimage"},"thumbnailUrl":"https://frequencecaraibe.com/wp-content/uploads/2025/03/Tapis-Rouge-Cover.png","datePublished":"2025-05-17T19:30:00+00:00","breadcrumb":{"@id":"https://frequencecaraibe.com/index.php/podcast/tapis-rouge-invite-nicolas-lossen/#breadcrumb"},"inLanguage":"fr-FR","potentialAction":[{"@type":"ReadAction","target":["https://frequencecaraibe.com/index.php/podcast/tapis-rouge-invite-nicolas-lossen/"]}]},{"@type":"ImageObject","inLanguage":"fr-FR","@id":"https://frequencecaraibe.com/index.php/podcast/tapis-rouge-invite-nicolas-lossen/#primaryimage","url":"https://frequencecaraibe.com/wp-content/uploads/2025/03/Tapis-Rouge-Cover.png","contentUrl":"https://frequencecaraibe.com/wp-content/uploads/2025/03/Tapis-Rouge-Cover.png","width":600,"height":600},{"@type":"BreadcrumbList","@id":"https://frequencecaraibe.com/index.php/podcast/tapis-rouge-invite-nicolas-lossen/#breadcrumb","itemListElement":[{"@type":"ListItem","position":1,"name":"Accueil","item":"https://frequencecaraibe.com/"},{"@type":"ListItem","position":2,"name":"Podcast","item":"https://frequencecaraibe.com/index.php/podcast/"},{"@type":"ListItem","position":3,"name":"TAPIS ROUGE / INVITÉ : NICOLAS LOSSEN"}]},{"@type":"WebSite","@id":"https://frequencecaraibe.com/#website","url":"https://frequencecaraibe.com/","name":"RADIO FREQUENCE CARAIBE","description":"La radio de la cote caraibe !","publisher":{"@id":"https://frequencecaraibe.com/#organization"},"potentialAction":[{"@type":"SearchAction","target":{"@type":"EntryPoint","urlTemplate":"https://frequencecaraibe.com/?s={search_term_string}"},"query-input":{"@type":"PropertyValueSpecification","valueRequired":true,"valueName":"search_term_string"}}],"inLanguage":"fr-FR"},{"@type":"Organization","@id":"https://frequencecaraibe.com/#organization","name":"RADIO FREQUENCE CARAIBE","url":"https://frequencecaraibe.com/","logo":{"@type":"ImageObject","inLanguage":"fr-FR","@id":"https://frequencecaraibe.com/#/schema/logo/image/","url":"https://frequencecaraibe.com/wp-content/uploads/2020/06/logo_rfc.jpg","contentUrl":"https://frequencecaraibe.com/wp-content/uploads/2020/06/logo_rfc.jpg","width":500,"height":500,"caption":"RADIO FREQUENCE CARAIBE"},"image":{"@id":"https://frequencecaraibe.com/#/schema/logo/image/"}}]}</script>
<!-- / Yoast SEO plugin. -->

TAPIS ROUGE / INVITÉ : NICOLAS LOSSEN - RADIO FREQUENCE CARAIBE

TAPIS ROUGE, Musiques, Infos, Bonne Humeur, le samedi 13H30 &#8211; 15H, l&rsquo;émission animée par Michelle. Invité : NICOLAS LOSSEN, Conte Jazz Afrodescendants des Amériques et présentation de son titre « Dèyè 7 syel ».
