{"id":8037,"date":"2025-03-21T11:37:49","date_gmt":"2025-03-21T15:37:49","guid":{"rendered":"https:\/\/frequencecaraibe.com\/?post_type=podcast&#038;p=8037"},"modified":"2025-03-21T12:14:09","modified_gmt":"2025-03-21T16:14:09","slug":"tapis-rouge-invitee-chantal-clem","status":"publish","type":"podcast","link":"https:\/\/frequencecaraibe.com\/index.php\/podcast\/tapis-rouge-invitee-chantal-clem\/","title":{"rendered":"TAPIS ROUGE \/ INVIT\u00c9E : CHANTAL CLEM"},"content":{"rendered":"<p>&nbsp;<\/p>\n<p><span class=\"yt-core-attributed-string--link-inherit-color\" dir=\"auto\">TAPIS ROUGE, Musiques, Infos, Bonne Humeur, le samedi 13H30 &#8211; 15H, l&rsquo;\u00e9mission anim\u00e9e par Michelle. <\/span><\/p>\n<ul class=\"yt-core-attributed-string__list-group\" dir=\"ltr\">\n<li><span class=\"yt-core-attributed-string--link-inherit-color\" dir=\"auto\">Invit\u00e9e : CHANTAL CLEM, pour nous pr\u00e9senter sa chanson, \u00a0\u00bb Fanm Ph\u00e9nom\u00e9nal\u00a0\u00bb.<\/span><\/li>\n<\/ul>\n","protected":false},"author":2,"featured_media":8039,"template":"","tags":[],"podcastfilter":[],"class_list":["post-8037","podcast","type-podcast","status-publish","has-post-thumbnail","hentry"],"yoast_head":"<!-- This site is optimized with the Yoast SEO plugin v27.2 - https:\/\/yoast.com\/product\/yoast-seo-wordpress\/ -->\n<title>TAPIS ROUGE \/ INVIT\u00c9E : CHANTAL CLEM - RADIO FREQUENCE CARAIBE<\/title>\n<meta name=\"robots\" content=\"index, follow, max-snippet:-1, max-image-preview:large, max-video-preview:-1\" \/>\n<link rel=\"canonical\" href=\"https:\/\/frequencecaraibe.com\/index.php\/podcast\/tapis-rouge-invitee-chantal-clem\/\" \/>\n<meta property=\"og:locale\" content=\"fr_FR\" \/>\n<meta property=\"og:type\" content=\"article\" \/>\n<meta property=\"og:title\" content=\"TAPIS ROUGE \/ INVIT\u00c9E : CHANTAL CLEM - RADIO FREQUENCE CARAIBE\" \/>\n<meta property=\"og:description\" content=\"&nbsp; TAPIS ROUGE, Musiques, Infos, Bonne Humeur, le samedi 13H30 &#8211; 15H, l&rsquo;\u00e9mission anim\u00e9e par Michelle. Invit\u00e9e : CHANTAL CLEM, pour nous pr\u00e9senter sa chanson, \u00a0\u00bb Fanm Ph\u00e9nom\u00e9nal\u00a0\u00bb.\" \/>\n<meta property=\"og:url\" content=\"https:\/\/frequencecaraibe.com\/index.php\/podcast\/tapis-rouge-invitee-chantal-clem\/\" \/>\n<meta property=\"og:site_name\" content=\"RADIO FREQUENCE CARAIBE\" \/>\n<meta property=\"article:modified_time\" content=\"2025-03-21T16:14:09+00:00\" \/>\n<meta property=\"og:image\" content=\"https:\/\/frequencecaraibe.com\/wp-content\/uploads\/2025\/03\/Tapis-Rouge-Cover.png\" \/>\n\t<meta property=\"og:image:width\" content=\"600\" \/>\n\t<meta property=\"og:image:height\" content=\"600\" \/>\n\t<meta property=\"og:image:type\" content=\"image\/png\" \/>\n<meta name=\"twitter:card\" content=\"summary_large_image\" \/>\n<script type=\"application\/ld+json\" class=\"yoast-schema-graph\">{\"@context\":\"https:\/\/schema.org\",\"@graph\":[{\"@type\":\"WebPage\",\"@id\":\"https:\/\/frequencecaraibe.com\/index.php\/podcast\/tapis-rouge-invitee-chantal-clem\/\",\"url\":\"https:\/\/frequencecaraibe.com\/index.php\/podcast\/tapis-rouge-invitee-chantal-clem\/\",\"name\":\"TAPIS ROUGE \/ INVIT\u00c9E : CHANTAL CLEM - RADIO FREQUENCE CARAIBE\",\"isPartOf\":{\"@id\":\"https:\/\/frequencecaraibe.com\/#website\"},\"primaryImageOfPage\":{\"@id\":\"https:\/\/frequencecaraibe.com\/index.php\/podcast\/tapis-rouge-invitee-chantal-clem\/#primaryimage\"},\"image\":{\"@id\":\"https:\/\/frequencecaraibe.com\/index.php\/podcast\/tapis-rouge-invitee-chantal-clem\/#primaryimage\"},\"thumbnailUrl\":\"https:\/\/frequencecaraibe.com\/wp-content\/uploads\/2025\/03\/Tapis-Rouge-Cover.png\",\"datePublished\":\"2025-03-21T15:37:49+00:00\",\"dateModified\":\"2025-03-21T16:14:09+00:00\",\"breadcrumb\":{\"@id\":\"https:\/\/frequencecaraibe.com\/index.php\/podcast\/tapis-rouge-invitee-chantal-clem\/#breadcrumb\"},\"inLanguage\":\"fr-FR\",\"potentialAction\":[{\"@type\":\"ReadAction\",\"target\":[\"https:\/\/frequencecaraibe.com\/index.php\/podcast\/tapis-rouge-invitee-chantal-clem\/\"]}]},{\"@type\":\"ImageObject\",\"inLanguage\":\"fr-FR\",\"@id\":\"https:\/\/frequencecaraibe.com\/index.php\/podcast\/tapis-rouge-invitee-chantal-clem\/#primaryimage\",\"url\":\"https:\/\/frequencecaraibe.com\/wp-content\/uploads\/2025\/03\/Tapis-Rouge-Cover.png\",\"contentUrl\":\"https:\/\/frequencecaraibe.com\/wp-content\/uploads\/2025\/03\/Tapis-Rouge-Cover.png\",\"width\":600,\"height\":600},{\"@type\":\"BreadcrumbList\",\"@id\":\"https:\/\/frequencecaraibe.com\/index.php\/podcast\/tapis-rouge-invitee-chantal-clem\/#breadcrumb\",\"itemListElement\":[{\"@type\":\"ListItem\",\"position\":1,\"name\":\"Accueil\",\"item\":\"https:\/\/frequencecaraibe.com\/\"},{\"@type\":\"ListItem\",\"position\":2,\"name\":\"Podcast\",\"item\":\"https:\/\/frequencecaraibe.com\/index.php\/podcast\/\"},{\"@type\":\"ListItem\",\"position\":3,\"name\":\"TAPIS ROUGE \/ INVIT\u00c9E : CHANTAL CLEM\"}]},{\"@type\":\"WebSite\",\"@id\":\"https:\/\/frequencecaraibe.com\/#website\",\"url\":\"https:\/\/frequencecaraibe.com\/\",\"name\":\"RADIO FREQUENCE CARAIBE\",\"description\":\"La radio de la cote caraibe !\",\"publisher\":{\"@id\":\"https:\/\/frequencecaraibe.com\/#organization\"},\"potentialAction\":[{\"@type\":\"SearchAction\",\"target\":{\"@type\":\"EntryPoint\",\"urlTemplate\":\"https:\/\/frequencecaraibe.com\/?s={search_term_string}\"},\"query-input\":{\"@type\":\"PropertyValueSpecification\",\"valueRequired\":true,\"valueName\":\"search_term_string\"}}],\"inLanguage\":\"fr-FR\"},{\"@type\":\"Organization\",\"@id\":\"https:\/\/frequencecaraibe.com\/#organization\",\"name\":\"RADIO FREQUENCE CARAIBE\",\"url\":\"https:\/\/frequencecaraibe.com\/\",\"logo\":{\"@type\":\"ImageObject\",\"inLanguage\":\"fr-FR\",\"@id\":\"https:\/\/frequencecaraibe.com\/#\/schema\/logo\/image\/\",\"url\":\"https:\/\/frequencecaraibe.com\/wp-content\/uploads\/2020\/06\/logo_rfc.jpg\",\"contentUrl\":\"https:\/\/frequencecaraibe.com\/wp-content\/uploads\/2020\/06\/logo_rfc.jpg\",\"width\":500,\"height\":500,\"caption\":\"RADIO FREQUENCE CARAIBE\"},\"image\":{\"@id\":\"https:\/\/frequencecaraibe.com\/#\/schema\/logo\/image\/\"}}]}<\/script>\n<!-- \/ Yoast SEO plugin. -->","yoast_head_json":{"title":"TAPIS ROUGE \/ INVIT\u00c9E : CHANTAL CLEM - RADIO FREQUENCE CARAIBE","robots":{"index":"index","follow":"follow","max-snippet":"max-snippet:-1","max-image-preview":"max-image-preview:large","max-video-preview":"max-video-preview:-1"},"canonical":"https:\/\/frequencecaraibe.com\/index.php\/podcast\/tapis-rouge-invitee-chantal-clem\/","og_locale":"fr_FR","og_type":"article","og_title":"TAPIS ROUGE \/ INVIT\u00c9E : CHANTAL CLEM - RADIO FREQUENCE CARAIBE","og_description":"&nbsp; TAPIS ROUGE, Musiques, Infos, Bonne Humeur, le samedi 13H30 &#8211; 15H, l&rsquo;\u00e9mission anim\u00e9e par Michelle. Invit\u00e9e : CHANTAL CLEM, pour nous pr\u00e9senter sa chanson, \u00a0\u00bb Fanm Ph\u00e9nom\u00e9nal\u00a0\u00bb.","og_url":"https:\/\/frequencecaraibe.com\/index.php\/podcast\/tapis-rouge-invitee-chantal-clem\/","og_site_name":"RADIO FREQUENCE CARAIBE","article_modified_time":"2025-03-21T16:14:09+00:00","og_image":[{"width":600,"height":600,"url":"https:\/\/frequencecaraibe.com\/wp-content\/uploads\/2025\/03\/Tapis-Rouge-Cover.png","type":"image\/png"}],"twitter_card":"summary_large_image","schema":{"@context":"https:\/\/schema.org","@graph":[{"@type":"WebPage","@id":"https:\/\/frequencecaraibe.com\/index.php\/podcast\/tapis-rouge-invitee-chantal-clem\/","url":"https:\/\/frequencecaraibe.com\/index.php\/podcast\/tapis-rouge-invitee-chantal-clem\/","name":"TAPIS ROUGE \/ INVIT\u00c9E : CHANTAL CLEM - RADIO FREQUENCE CARAIBE","isPartOf":{"@id":"https:\/\/frequencecaraibe.com\/#website"},"primaryImageOfPage":{"@id":"https:\/\/frequencecaraibe.com\/index.php\/podcast\/tapis-rouge-invitee-chantal-clem\/#primaryimage"},"image":{"@id":"https:\/\/frequencecaraibe.com\/index.php\/podcast\/tapis-rouge-invitee-chantal-clem\/#primaryimage"},"thumbnailUrl":"https:\/\/frequencecaraibe.com\/wp-content\/uploads\/2025\/03\/Tapis-Rouge-Cover.png","datePublished":"2025-03-21T15:37:49+00:00","dateModified":"2025-03-21T16:14:09+00:00","breadcrumb":{"@id":"https:\/\/frequencecaraibe.com\/index.php\/podcast\/tapis-rouge-invitee-chantal-clem\/#breadcrumb"},"inLanguage":"fr-FR","potentialAction":[{"@type":"ReadAction","target":["https:\/\/frequencecaraibe.com\/index.php\/podcast\/tapis-rouge-invitee-chantal-clem\/"]}]},{"@type":"ImageObject","inLanguage":"fr-FR","@id":"https:\/\/frequencecaraibe.com\/index.php\/podcast\/tapis-rouge-invitee-chantal-clem\/#primaryimage","url":"https:\/\/frequencecaraibe.com\/wp-content\/uploads\/2025\/03\/Tapis-Rouge-Cover.png","contentUrl":"https:\/\/frequencecaraibe.com\/wp-content\/uploads\/2025\/03\/Tapis-Rouge-Cover.png","width":600,"height":600},{"@type":"BreadcrumbList","@id":"https:\/\/frequencecaraibe.com\/index.php\/podcast\/tapis-rouge-invitee-chantal-clem\/#breadcrumb","itemListElement":[{"@type":"ListItem","position":1,"name":"Accueil","item":"https:\/\/frequencecaraibe.com\/"},{"@type":"ListItem","position":2,"name":"Podcast","item":"https:\/\/frequencecaraibe.com\/index.php\/podcast\/"},{"@type":"ListItem","position":3,"name":"TAPIS ROUGE \/ INVIT\u00c9E : CHANTAL CLEM"}]},{"@type":"WebSite","@id":"https:\/\/frequencecaraibe.com\/#website","url":"https:\/\/frequencecaraibe.com\/","name":"RADIO FREQUENCE CARAIBE","description":"La radio de la cote caraibe !","publisher":{"@id":"https:\/\/frequencecaraibe.com\/#organization"},"potentialAction":[{"@type":"SearchAction","target":{"@type":"EntryPoint","urlTemplate":"https:\/\/frequencecaraibe.com\/?s={search_term_string}"},"query-input":{"@type":"PropertyValueSpecification","valueRequired":true,"valueName":"search_term_string"}}],"inLanguage":"fr-FR"},{"@type":"Organization","@id":"https:\/\/frequencecaraibe.com\/#organization","name":"RADIO FREQUENCE CARAIBE","url":"https:\/\/frequencecaraibe.com\/","logo":{"@type":"ImageObject","inLanguage":"fr-FR","@id":"https:\/\/frequencecaraibe.com\/#\/schema\/logo\/image\/","url":"https:\/\/frequencecaraibe.com\/wp-content\/uploads\/2020\/06\/logo_rfc.jpg","contentUrl":"https:\/\/frequencecaraibe.com\/wp-content\/uploads\/2020\/06\/logo_rfc.jpg","width":500,"height":500,"caption":"RADIO FREQUENCE CARAIBE"},"image":{"@id":"https:\/\/frequencecaraibe.com\/#\/schema\/logo\/image\/"}}]}},"_links":{"self":[{"href":"https:\/\/frequencecaraibe.com\/index.php\/wp-json\/wp\/v2\/podcast\/8037","targetHints":{"allow":["GET"]}}],"collection":[{"href":"https:\/\/frequencecaraibe.com\/index.php\/wp-json\/wp\/v2\/podcast"}],"about":[{"href":"https:\/\/frequencecaraibe.com\/index.php\/wp-json\/wp\/v2\/types\/podcast"}],"author":[{"embeddable":true,"href":"https:\/\/frequencecaraibe.com\/index.php\/wp-json\/wp\/v2\/users\/2"}],"version-history":[{"count":3,"href":"https:\/\/frequencecaraibe.com\/index.php\/wp-json\/wp\/v2\/podcast\/8037\/revisions"}],"predecessor-version":[{"id":8042,"href":"https:\/\/frequencecaraibe.com\/index.php\/wp-json\/wp\/v2\/podcast\/8037\/revisions\/8042"}],"wp:featuredmedia":[{"embeddable":true,"href":"https:\/\/frequencecaraibe.com\/index.php\/wp-json\/wp\/v2\/media\/8039"}],"wp:attachment":[{"href":"https:\/\/frequencecaraibe.com\/index.php\/wp-json\/wp\/v2\/media?parent=8037"}],"wp:term":[{"taxonomy":"post_tag","embeddable":true,"href":"https:\/\/frequencecaraibe.com\/index.php\/wp-json\/wp\/v2\/tags?post=8037"},{"taxonomy":"podcastfilter","embeddable":true,"href":"https:\/\/frequencecaraibe.com\/index.php\/wp-json\/wp\/v2\/podcastfilter?post=8037"}],"curies":[{"name":"wp","href":"https:\/\/api.w.org\/{rel}","templated":true}]}}

TAPIS ROUGE / INVITÉE : CHANTAL CLEM

<p>&nbsp;</p>
<p><span class="yt-core-attributed-string--link-inherit-color" dir="auto">TAPIS ROUGE, Musiques, Infos, Bonne Humeur, le samedi 13H30 &#8211; 15H, l&rsquo;émission animée par Michelle. </span></p>
<ul class="yt-core-attributed-string__list-group" dir="ltr">
<li><span class="yt-core-attributed-string--link-inherit-color" dir="auto">Invitée : CHANTAL CLEM, pour nous présenter sa chanson,  » Fanm Phénoménal ».</span></li>
</ul>

<!-- This site is optimized with the Yoast SEO plugin v27.2 - https://yoast.com/product/yoast-seo-wordpress/ -->
<title>TAPIS ROUGE / INVITÉE : CHANTAL CLEM - RADIO FREQUENCE CARAIBE</title>
<meta name="robots" content="index, follow, max-snippet:-1, max-image-preview:large, max-video-preview:-1" />
<link rel="canonical" href="https://frequencecaraibe.com/index.php/podcast/tapis-rouge-invitee-chantal-clem/" />
<meta property="og:locale" content="fr_FR" />
<meta property="og:type" content="article" />
<meta property="og:title" content="TAPIS ROUGE / INVITÉE : CHANTAL CLEM - RADIO FREQUENCE CARAIBE" />
<meta property="og:description" content="&nbsp; TAPIS ROUGE, Musiques, Infos, Bonne Humeur, le samedi 13H30 &#8211; 15H, l&rsquo;émission animée par Michelle. Invitée : CHANTAL CLEM, pour nous présenter sa chanson,  » Fanm Phénoménal »." />
<meta property="og:url" content="https://frequencecaraibe.com/index.php/podcast/tapis-rouge-invitee-chantal-clem/" />
<meta property="og:site_name" content="RADIO FREQUENCE CARAIBE" />
<meta property="article:modified_time" content="2025-03-21T16:14:09+00:00" />
<meta property="og:image" content="https://frequencecaraibe.com/wp-content/uploads/2025/03/Tapis-Rouge-Cover.png" />
	<meta property="og:image:width" content="600" />
	<meta property="og:image:height" content="600" />
	<meta property="og:image:type" content="image/png" />
<meta name="twitter:card" content="summary_large_image" />
<script type="application/ld+json" class="yoast-schema-graph">{"@context":"https://schema.org","@graph":[{"@type":"WebPage","@id":"https://frequencecaraibe.com/index.php/podcast/tapis-rouge-invitee-chantal-clem/","url":"https://frequencecaraibe.com/index.php/podcast/tapis-rouge-invitee-chantal-clem/","name":"TAPIS ROUGE / INVITÉE : CHANTAL CLEM - RADIO FREQUENCE CARAIBE","isPartOf":{"@id":"https://frequencecaraibe.com/#website"},"primaryImageOfPage":{"@id":"https://frequencecaraibe.com/index.php/podcast/tapis-rouge-invitee-chantal-clem/#primaryimage"},"image":{"@id":"https://frequencecaraibe.com/index.php/podcast/tapis-rouge-invitee-chantal-clem/#primaryimage"},"thumbnailUrl":"https://frequencecaraibe.com/wp-content/uploads/2025/03/Tapis-Rouge-Cover.png","datePublished":"2025-03-21T15:37:49+00:00","dateModified":"2025-03-21T16:14:09+00:00","breadcrumb":{"@id":"https://frequencecaraibe.com/index.php/podcast/tapis-rouge-invitee-chantal-clem/#breadcrumb"},"inLanguage":"fr-FR","potentialAction":[{"@type":"ReadAction","target":["https://frequencecaraibe.com/index.php/podcast/tapis-rouge-invitee-chantal-clem/"]}]},{"@type":"ImageObject","inLanguage":"fr-FR","@id":"https://frequencecaraibe.com/index.php/podcast/tapis-rouge-invitee-chantal-clem/#primaryimage","url":"https://frequencecaraibe.com/wp-content/uploads/2025/03/Tapis-Rouge-Cover.png","contentUrl":"https://frequencecaraibe.com/wp-content/uploads/2025/03/Tapis-Rouge-Cover.png","width":600,"height":600},{"@type":"BreadcrumbList","@id":"https://frequencecaraibe.com/index.php/podcast/tapis-rouge-invitee-chantal-clem/#breadcrumb","itemListElement":[{"@type":"ListItem","position":1,"name":"Accueil","item":"https://frequencecaraibe.com/"},{"@type":"ListItem","position":2,"name":"Podcast","item":"https://frequencecaraibe.com/index.php/podcast/"},{"@type":"ListItem","position":3,"name":"TAPIS ROUGE / INVITÉE : CHANTAL CLEM"}]},{"@type":"WebSite","@id":"https://frequencecaraibe.com/#website","url":"https://frequencecaraibe.com/","name":"RADIO FREQUENCE CARAIBE","description":"La radio de la cote caraibe !","publisher":{"@id":"https://frequencecaraibe.com/#organization"},"potentialAction":[{"@type":"SearchAction","target":{"@type":"EntryPoint","urlTemplate":"https://frequencecaraibe.com/?s={search_term_string}"},"query-input":{"@type":"PropertyValueSpecification","valueRequired":true,"valueName":"search_term_string"}}],"inLanguage":"fr-FR"},{"@type":"Organization","@id":"https://frequencecaraibe.com/#organization","name":"RADIO FREQUENCE CARAIBE","url":"https://frequencecaraibe.com/","logo":{"@type":"ImageObject","inLanguage":"fr-FR","@id":"https://frequencecaraibe.com/#/schema/logo/image/","url":"https://frequencecaraibe.com/wp-content/uploads/2020/06/logo_rfc.jpg","contentUrl":"https://frequencecaraibe.com/wp-content/uploads/2020/06/logo_rfc.jpg","width":500,"height":500,"caption":"RADIO FREQUENCE CARAIBE"},"image":{"@id":"https://frequencecaraibe.com/#/schema/logo/image/"}}]}</script>
<!-- / Yoast SEO plugin. -->

TAPIS ROUGE / INVITÉE : CHANTAL CLEM - RADIO FREQUENCE CARAIBE

&nbsp; TAPIS ROUGE, Musiques, Infos, Bonne Humeur, le samedi 13H30 &#8211; 15H, l&rsquo;émission animée par Michelle. Invitée : CHANTAL CLEM, pour nous présenter sa chanson,  » Fanm Phénoménal ».
