{"id":4692,"date":"2020-06-03T12:21:42","date_gmt":"2020-06-03T12:21:42","guid":{"rendered":"https:\/\/demo.pro.radio\/wp1\/team-members\/"},"modified":"2025-03-12T10:29:08","modified_gmt":"2025-03-12T14:29:08","slug":"equipe","status":"publish","type":"page","link":"https:\/\/frequencecaraibe.com\/index.php\/equipe\/","title":{"rendered":"\u00c9quipe"},"content":{"rendered":"\t\t<div data-elementor-type=\"wp-page\" data-elementor-id=\"4692\" class=\"elementor elementor-4692\">\n\t\t\t\t\t\t<section class=\"elementor-section elementor-top-section elementor-element elementor-element-ee61927 elementor-section-stretched elementor-section-full_width elementor-section-height-default elementor-section-height-default\" data-id=\"ee61927\" data-element_type=\"section\" data-e-type=\"section\" data-settings=\"{&quot;stretch_section&quot;:&quot;section-stretched&quot;,&quot;background_background&quot;:&quot;classic&quot;}\">\n\t\t\t\t\t\t\t<div class=\"elementor-background-overlay\"><\/div>\n\t\t\t\t\t\t\t<div class=\"elementor-container elementor-column-gap-default\">\n\t\t\t\t\t<div class=\"elementor-column elementor-col-100 elementor-top-column elementor-element elementor-element-89934d9\" data-id=\"89934d9\" data-element_type=\"column\" data-e-type=\"column\" data-settings=\"{&quot;background_background&quot;:&quot;classic&quot;}\">\n\t\t\t<div class=\"elementor-widget-wrap elementor-element-populated\">\n\t\t\t\t\t\t<div class=\"elementor-element elementor-element-61e4001 elementor-widget elementor-widget-proradio-elementor-section-caption\" data-id=\"61e4001\" data-element_type=\"widget\" data-e-type=\"widget\" data-widget_type=\"proradio-elementor-section-caption.default\">\n\t\t\t\t<div class=\"elementor-widget-container\">\n\t\t\t\t\t\n\t\t<div class=\"proradio-section-caption  proradio-section-caption--m\">\n\n\t\t\t\t\t<div>\n\t\t\t<h4  class=\"proradio-element-caption proradio-caption  proradio-caption__m proradio-caption--neg center proradio-center proradio-caption__c proradio-anim  \" data-qtwaypoints-offset=\"30\" data-qtwaypoints>\t\t\t\t<span>\u00c9QUIPE<\/span>\n\t\t\t\t<\/h4>\t\t<\/div>\n\t\t\t\t\t\t<hr class=\"proradio-spacer-s\">\n\t\t\t\t\t\t\t\t<h2 id=\"proradiotabsfcaca-quipe\" class=\"proradio-center proradio-capfont proradio-proradiotabsfcaca-quipe proradio-txtfx-oslo-container proradio-textfx-wrap \">\n\t\t\t\t\t\t\t\t\t\t\t\t<span class=\"proradio-txtfx proradio-txtfx--oslo\" data-qtwaypoints-offset=\"50\" data-qtwaypoints >\n\t\t\t\t\t\t\t\t<span>\u00c9<\/span><span>Q<\/span><span>U<\/span><span>I<\/span><span>P<\/span><span>E<\/span>\t\t\t\t\t\t\t<\/span>\n\t\t\t\t\t\t\t\t\t\t\t<\/h2>\n\t\t\t\t\t\t\t\t<p>Les membres de l&#039;\u00e9quipe RFC.<\/p>\n\t\t\t\t\t\t<\/div>\n\t\t\t\t<div data-proradio-customstyles=\".proradio-proradiotabsfcaca-quipe .proradio-txtfx--oslo span  { color: #0005F9}\n\t\t\t\t\t\t\t.proradio-proradiotabsfcaca-quipe .proradio-txtfx--oslo.proradio-active span  { color: #0005F9}\n\t\t\t\t\t\t\t.proradio-proradiotabsfcaca-quipe .proradio-txtfx--oslo::before { border-color: #FFF900}\"><\/div>\n\t\t\t\t\t\t<\/div>\n\t\t\t\t<\/div>\n\t\t\t\t\t<\/div>\n\t\t<\/div>\n\t\t\t\t\t<\/div>\n\t\t<\/section>\n\t\t<div class=\"elementor-element elementor-element-0fd9c28 e-flex e-con-boxed e-con e-parent\" data-id=\"0fd9c28\" data-element_type=\"container\" data-e-type=\"container\" data-settings=\"{&quot;background_background&quot;:&quot;classic&quot;}\">\n\t\t\t\t\t<div class=\"e-con-inner\">\n\t\t\t\t<div class=\"elementor-element elementor-element-a11cbb2 animated-slow elementor-invisible elementor-widget elementor-widget-proradio-elementor-post-grid\" data-id=\"a11cbb2\" data-element_type=\"widget\" data-e-type=\"widget\" data-settings=\"{&quot;_animation&quot;:&quot;fadeIn&quot;}\" data-widget_type=\"proradio-elementor-post-grid.default\">\n\t\t\t\t<div class=\"elementor-widget-container\">\n\t\t\t\t\t\t\t\t<div id=\"qttmelementor-grid-fb10a390\" class=\"proradio-container proradio-post-grid\">\n\n\t\t\t\t\t\t\t\t<div id=\"qttmelementor-list-fb10a390\" class=\"proradio-row\">\n\t\t\t\t\t\t\t\t\t\t\t<div class=\"proradio-col proradio-col__post proradio-s12 proradio-m3 proradio-l3\">\n\t\t\t\t\t\t\t<article class=\"proradio-post proradio-post__card proradio-post__card--members proradio-darkbg proradio-negative post-7399 members type-members status-publish has-post-thumbnail hentry membertype-dj\" data-qtwaypoints>\n\t<div class=\"proradio-bgimg proradio-bgimg--full proradio-duotone\">\n\t\t<img fetchpriority=\"high\" decoding=\"async\" width=\"370\" height=\"480\" src=\"https:\/\/frequencecaraibe.com\/wp-content\/uploads\/2025\/02\/photo_master_zouk-e1742307964736-370x480.jpg\" class=\"proradio-post__thumb wp-post-image\" alt=\"\" \/>\t<\/div>\n\t<div class=\"proradio-post__headercont\">\n\t\t<a class=\"proradio-post__header__link\" href=\"https:\/\/frequencecaraibe.com\/index.php\/members\/master-zouk\/\"><\/a>\n\t\t<div class=\"proradio-actions__cont\">\n\t<div class=\"proradio-actions\">\n\t\t\t\t<a href=\"https:\/\/frequencecaraibe.com\/index.php\/members\/master-zouk\/\" class=\"proradio-actionicon\"><i class='material-icons'>person_outline<\/i><\/a>\n\t\t\n\n\t\t\t\t<span class=\"proradio-actions__a1\">\t\t<a data-ttgreaktions-shareboxfull=\"{&quot;id&quot;:&quot;7399&quot;,&quot;shared&quot;:&quot;https:\\\/\\\/frequencecaraibe.com\\\/index.php\\\/members\\\/master-zouk\\\/&quot;,&quot;title&quot;:&quot;Master Zouk&quot;,&quot;finalUrl&quot;:&quot;https:\\\/\\\/frequencecaraibe.com\\\/index.php\\\/members\\\/master-zouk\\\/?id=7399&amp;reaktions-share-fullpage=7399&amp;noajax=1&amp;label=Partager&amp;btnclass=proradio-btn  proradio-btn__r&amp;secure=1b62ba059b&quot;}\" href=\"#nojax\" class=\"proradio_reaktions-link \">\n\t\t\t<span class=\"qtli\"><i class=\"reakticons-share\"><\/i><\/span><span class=\"count\"><\/span>\n\t\t<\/a>\n\t\t<\/span>\n\t\t\n\n\t\t\t\t<span class=\"proradio-actions__a2\">\t\t<a data-ttgreaktions-lovelink class=\"proradio_reaktions-link \" data-post_id=\"7399\" href=\"#\">\n\t        <span class=\"qtli\"><i class=\"reakticons-heart\"><\/i><\/span><span class=\"qtli count\"><\/span>\n\t    <\/a>\n\t\t<\/span>\n\t\t\t<\/div>\n<\/div>\n\n\n\t\t<div class=\"proradio-post__card__cap\">\n\t\t\t<p class=\"proradio-cats\">\n\t\t\t\t<a href=\"https:\/\/frequencecaraibe.com\/index.php\/membertype\/dj\/\" class=\"proradio-catid-38\">Dj<\/a>\t\t\t<\/p>\n\t\t\t<h3 class=\"proradio-post__title\"><a href=\"https:\/\/frequencecaraibe.com\/index.php\/members\/master-zouk\/\">Master Zouk<\/a><\/h3>\n\t\t\t\n\t\t\t\t\t\t\n\t\t<\/div>\n\t<\/div>\n<\/article>\t\t\t\t\t\t<\/div>\n\t\t\t\t\t\t\t\t\t\t\t\t<div class=\"proradio-col proradio-col__post proradio-s12 proradio-m3 proradio-l3\">\n\t\t\t\t\t\t\t<article class=\"proradio-post proradio-post__card proradio-post__card--members proradio-darkbg proradio-negative post-7393 members type-members status-publish has-post-thumbnail hentry membertype-equipe-2\" data-qtwaypoints>\n\t<div class=\"proradio-bgimg proradio-bgimg--full proradio-duotone\">\n\t\t<img decoding=\"async\" width=\"370\" height=\"480\" src=\"https:\/\/frequencecaraibe.com\/wp-content\/uploads\/2025\/02\/photo_jacqueline-370x480.jpg\" class=\"proradio-post__thumb wp-post-image\" alt=\"\" \/>\t<\/div>\n\t<div class=\"proradio-post__headercont\">\n\t\t<a class=\"proradio-post__header__link\" href=\"https:\/\/frequencecaraibe.com\/index.php\/members\/jacqueline\/\"><\/a>\n\t\t<div class=\"proradio-actions__cont\">\n\t<div class=\"proradio-actions\">\n\t\t\t\t<a href=\"https:\/\/frequencecaraibe.com\/index.php\/members\/jacqueline\/\" class=\"proradio-actionicon\"><i class='material-icons'>person_outline<\/i><\/a>\n\t\t\n\n\t\t\t\t<span class=\"proradio-actions__a1\">\t\t<a data-ttgreaktions-shareboxfull=\"{&quot;id&quot;:&quot;7393&quot;,&quot;shared&quot;:&quot;https:\\\/\\\/frequencecaraibe.com\\\/index.php\\\/members\\\/jacqueline\\\/&quot;,&quot;title&quot;:&quot;Jacqueline&quot;,&quot;finalUrl&quot;:&quot;https:\\\/\\\/frequencecaraibe.com\\\/index.php\\\/members\\\/jacqueline\\\/?id=7393&amp;reaktions-share-fullpage=7393&amp;noajax=1&amp;label=Partager&amp;btnclass=proradio-btn  proradio-btn__r&amp;secure=1b62ba059b&quot;}\" href=\"#nojax\" class=\"proradio_reaktions-link \">\n\t\t\t<span class=\"qtli\"><i class=\"reakticons-share\"><\/i><\/span><span class=\"count\"><\/span>\n\t\t<\/a>\n\t\t<\/span>\n\t\t\n\n\t\t\t\t<span class=\"proradio-actions__a2\">\t\t<a data-ttgreaktions-lovelink class=\"proradio_reaktions-link \" data-post_id=\"7393\" href=\"#\">\n\t        <span class=\"qtli\"><i class=\"reakticons-heart\"><\/i><\/span><span class=\"qtli count\"><\/span>\n\t    <\/a>\n\t\t<\/span>\n\t\t\t<\/div>\n<\/div>\n\n\n\t\t<div class=\"proradio-post__card__cap\">\n\t\t\t<p class=\"proradio-cats\">\n\t\t\t\t<a href=\"https:\/\/frequencecaraibe.com\/index.php\/membertype\/equipe-2\/\" class=\"proradio-catid-109\">\u00c9quipe<\/a>\t\t\t<\/p>\n\t\t\t<h3 class=\"proradio-post__title\"><a href=\"https:\/\/frequencecaraibe.com\/index.php\/members\/jacqueline\/\">Jacqueline<\/a><\/h3>\n\t\t\t\n\t\t\t\t\t\t\n\t\t<\/div>\n\t<\/div>\n<\/article>\t\t\t\t\t\t<\/div>\n\t\t\t\t\t\t\t\t\t\t\t\t<div class=\"proradio-col proradio-col__post proradio-s12 proradio-m3 proradio-l3\">\n\t\t\t\t\t\t\t<article class=\"proradio-post proradio-post__card proradio-post__card--members proradio-darkbg proradio-negative post-7389 members type-members status-publish has-post-thumbnail hentry membertype-animateur\" data-qtwaypoints>\n\t<div class=\"proradio-bgimg proradio-bgimg--full proradio-duotone\">\n\t\t<img decoding=\"async\" width=\"370\" height=\"480\" src=\"https:\/\/frequencecaraibe.com\/wp-content\/uploads\/2025\/02\/photo_michelle-370x480.jpg\" class=\"proradio-post__thumb wp-post-image\" alt=\"\" \/>\t<\/div>\n\t<div class=\"proradio-post__headercont\">\n\t\t<a class=\"proradio-post__header__link\" href=\"https:\/\/frequencecaraibe.com\/index.php\/members\/michelle\/\"><\/a>\n\t\t<div class=\"proradio-actions__cont\">\n\t<div class=\"proradio-actions\">\n\t\t\t\t<a href=\"https:\/\/frequencecaraibe.com\/index.php\/members\/michelle\/\" class=\"proradio-actionicon\"><i class='material-icons'>person_outline<\/i><\/a>\n\t\t\n\n\t\t\t\t<span class=\"proradio-actions__a1\">\t\t<a data-ttgreaktions-shareboxfull=\"{&quot;id&quot;:&quot;7389&quot;,&quot;shared&quot;:&quot;https:\\\/\\\/frequencecaraibe.com\\\/index.php\\\/members\\\/michelle\\\/&quot;,&quot;title&quot;:&quot;Michelle&quot;,&quot;finalUrl&quot;:&quot;https:\\\/\\\/frequencecaraibe.com\\\/index.php\\\/members\\\/michelle\\\/?id=7389&amp;reaktions-share-fullpage=7389&amp;noajax=1&amp;label=Partager&amp;btnclass=proradio-btn  proradio-btn__r&amp;secure=1b62ba059b&quot;}\" href=\"#nojax\" class=\"proradio_reaktions-link \">\n\t\t\t<span class=\"qtli\"><i class=\"reakticons-share\"><\/i><\/span><span class=\"count\"><\/span>\n\t\t<\/a>\n\t\t<\/span>\n\t\t\n\n\t\t\t\t<span class=\"proradio-actions__a2\">\t\t<a data-ttgreaktions-lovelink class=\"proradio_reaktions-link \" data-post_id=\"7389\" href=\"#\">\n\t        <span class=\"qtli\"><i class=\"reakticons-heart\"><\/i><\/span><span class=\"qtli count\"><\/span>\n\t    <\/a>\n\t\t<\/span>\n\t\t\t<\/div>\n<\/div>\n\n\n\t\t<div class=\"proradio-post__card__cap\">\n\t\t\t<p class=\"proradio-cats\">\n\t\t\t\t<a href=\"https:\/\/frequencecaraibe.com\/index.php\/membertype\/animateur\/\" class=\"proradio-catid-103\">Animateur<\/a>\t\t\t<\/p>\n\t\t\t<h3 class=\"proradio-post__title\"><a href=\"https:\/\/frequencecaraibe.com\/index.php\/members\/michelle\/\">Michelle<\/a><\/h3>\n\t\t\t\n\t\t\t\t\t\t\n\t\t<\/div>\n\t<\/div>\n<\/article>\t\t\t\t\t\t<\/div>\n\t\t\t\t\t\t\t\t\t\t\t\t<div class=\"proradio-col proradio-col__post proradio-s12 proradio-m3 proradio-l3\">\n\t\t\t\t\t\t\t<article class=\"proradio-post proradio-post__card proradio-post__card--members proradio-darkbg proradio-negative post-8020 members type-members status-publish has-post-thumbnail hentry membertype-look-designer membertype-sound-designer\" data-qtwaypoints>\n\t<div class=\"proradio-bgimg proradio-bgimg--full proradio-duotone\">\n\t\t<img loading=\"lazy\" decoding=\"async\" width=\"370\" height=\"480\" src=\"https:\/\/frequencecaraibe.com\/wp-content\/uploads\/2025\/04\/FBL_5130-copie-370x480.jpg\" class=\"proradio-post__thumb wp-post-image\" alt=\"\" \/>\t<\/div>\n\t<div class=\"proradio-post__headercont\">\n\t\t<a class=\"proradio-post__header__link\" href=\"https:\/\/frequencecaraibe.com\/index.php\/members\/jean-marc\/\"><\/a>\n\t\t<div class=\"proradio-actions__cont\">\n\t<div class=\"proradio-actions\">\n\t\t\t\t<a href=\"https:\/\/frequencecaraibe.com\/index.php\/members\/jean-marc\/\" class=\"proradio-actionicon\"><i class='material-icons'>person_outline<\/i><\/a>\n\t\t\n\n\t\t\t\t<span class=\"proradio-actions__a1\">\t\t<a data-ttgreaktions-shareboxfull=\"{&quot;id&quot;:&quot;8020&quot;,&quot;shared&quot;:&quot;https:\\\/\\\/frequencecaraibe.com\\\/index.php\\\/members\\\/jean-marc\\\/&quot;,&quot;title&quot;:&quot;JEAN-MARC&quot;,&quot;finalUrl&quot;:&quot;https:\\\/\\\/frequencecaraibe.com\\\/index.php\\\/members\\\/jean-marc\\\/?id=8020&amp;reaktions-share-fullpage=8020&amp;noajax=1&amp;label=Partager&amp;btnclass=proradio-btn  proradio-btn__r&amp;secure=1b62ba059b&quot;}\" href=\"#nojax\" class=\"proradio_reaktions-link \">\n\t\t\t<span class=\"qtli\"><i class=\"reakticons-share\"><\/i><\/span><span class=\"count\"><\/span>\n\t\t<\/a>\n\t\t<\/span>\n\t\t\n\n\t\t\t\t<span class=\"proradio-actions__a2\">\t\t<a data-ttgreaktions-lovelink class=\"proradio_reaktions-link \" data-post_id=\"8020\" href=\"#\">\n\t        <span class=\"qtli\"><i class=\"reakticons-heart\"><\/i><\/span><span class=\"qtli count\"><\/span>\n\t    <\/a>\n\t\t<\/span>\n\t\t\t<\/div>\n<\/div>\n\n\n\t\t<div class=\"proradio-post__card__cap\">\n\t\t\t<p class=\"proradio-cats\">\n\t\t\t\t<a href=\"https:\/\/frequencecaraibe.com\/index.php\/membertype\/look-designer\/\" class=\"proradio-catid-55\">Look Designer<\/a>\t\t\t<\/p>\n\t\t\t<h3 class=\"proradio-post__title\"><a href=\"https:\/\/frequencecaraibe.com\/index.php\/members\/jean-marc\/\">JEAN-MARC<\/a><\/h3>\n\t\t\t\n\t\t\t\t\t\t\n\t\t<\/div>\n\t<\/div>\n<\/article>\t\t\t\t\t\t<\/div>\n\t\t\t\t\t\t\t\t\t\t\t\t<div class=\"proradio-col proradio-col__post proradio-s12 proradio-m3 proradio-l3\">\n\t\t\t\t\t\t\t<article class=\"proradio-post proradio-post__card proradio-post__card--members proradio-darkbg proradio-negative post-2155 members type-members status-publish has-post-thumbnail hentry membertype-equipe-2\" data-qtwaypoints>\n\t<div class=\"proradio-bgimg proradio-bgimg--full proradio-duotone\">\n\t\t<img loading=\"lazy\" decoding=\"async\" width=\"370\" height=\"480\" src=\"https:\/\/frequencecaraibe.com\/wp-content\/uploads\/2020\/04\/photo_bill-370x480.jpg\" class=\"proradio-post__thumb wp-post-image\" alt=\"\" \/>\t<\/div>\n\t<div class=\"proradio-post__headercont\">\n\t\t<a class=\"proradio-post__header__link\" href=\"https:\/\/frequencecaraibe.com\/index.php\/members\/bill\/\"><\/a>\n\t\t<div class=\"proradio-actions__cont\">\n\t<div class=\"proradio-actions\">\n\t\t\t\t<a href=\"https:\/\/frequencecaraibe.com\/index.php\/members\/bill\/\" class=\"proradio-actionicon\"><i class='material-icons'>person_outline<\/i><\/a>\n\t\t\n\n\t\t\t\t<span class=\"proradio-actions__a1\">\t\t<a data-ttgreaktions-shareboxfull=\"{&quot;id&quot;:&quot;2155&quot;,&quot;shared&quot;:&quot;https:\\\/\\\/frequencecaraibe.com\\\/index.php\\\/members\\\/bill\\\/&quot;,&quot;title&quot;:&quot;Bill&quot;,&quot;finalUrl&quot;:&quot;https:\\\/\\\/frequencecaraibe.com\\\/index.php\\\/members\\\/bill\\\/?id=2155&amp;reaktions-share-fullpage=2155&amp;noajax=1&amp;label=Partager&amp;btnclass=proradio-btn  proradio-btn__r&amp;secure=1b62ba059b&quot;}\" href=\"#nojax\" class=\"proradio_reaktions-link \">\n\t\t\t<span class=\"qtli\"><i class=\"reakticons-share\"><\/i><\/span><span class=\"count\">3<\/span>\n\t\t<\/a>\n\t\t<\/span>\n\t\t\n\n\t\t\t\t<span class=\"proradio-actions__a2\">\t\t<a data-ttgreaktions-lovelink class=\"proradio_reaktions-link \" data-post_id=\"2155\" href=\"#\">\n\t        <span class=\"qtli\"><i class=\"reakticons-heart\"><\/i><\/span><span class=\"qtli count\">3<\/span>\n\t    <\/a>\n\t\t<\/span>\n\t\t\t<\/div>\n<\/div>\n\n\n\t\t<div class=\"proradio-post__card__cap\">\n\t\t\t<p class=\"proradio-cats\">\n\t\t\t\t<a href=\"https:\/\/frequencecaraibe.com\/index.php\/membertype\/equipe-2\/\" class=\"proradio-catid-109\">\u00c9quipe<\/a>\t\t\t<\/p>\n\t\t\t<h3 class=\"proradio-post__title\"><a href=\"https:\/\/frequencecaraibe.com\/index.php\/members\/bill\/\">Bill<\/a><\/h3>\n\t\t\t\n\t\t\t\t\t\t\n\t\t<\/div>\n\t<\/div>\n<\/article>\t\t\t\t\t\t<\/div>\n\t\t\t\t\t\t\t\t\t\t<\/div>\n\t\t\t<\/div>\n\t\t\t\t\t\t\t<\/div>\n\t\t\t\t<\/div>\n\t\t\t\t\t<\/div>\n\t\t\t\t<\/div>\n\t\t\t\t<\/div>\n\t\t","protected":false},"excerpt":{"rendered":"<p>\u00c9QUIPE \u00c9QUIPE Les membres de l&#039;\u00e9quipe RFC. person_outline Dj Master Zouk person_outline \u00c9quipe Jacqueline person_outline Animateur Michelle person_outline 12 67 Chroniqueur Stanislas person_outline 3 3 \u00c9quipe Bill<\/p>\n","protected":false},"author":1,"featured_media":0,"parent":0,"menu_order":0,"comment_status":"closed","ping_status":"closed","template":"page-visualcomposer.php","meta":{"footnotes":""},"class_list":["post-4692","page","type-page","status-publish","hentry"],"yoast_head":"<!-- This site is optimized with the Yoast SEO plugin v27.2 - https:\/\/yoast.com\/product\/yoast-seo-wordpress\/ -->\n<title>\u00c9quipe - RADIO FREQUENCE CARAIBE<\/title>\n<meta name=\"robots\" content=\"index, follow, max-snippet:-1, max-image-preview:large, max-video-preview:-1\" \/>\n<link rel=\"canonical\" href=\"https:\/\/frequencecaraibe.com\/index.php\/equipe\/\" \/>\n<meta property=\"og:locale\" content=\"fr_FR\" \/>\n<meta property=\"og:type\" content=\"article\" \/>\n<meta property=\"og:title\" content=\"\u00c9quipe - RADIO FREQUENCE CARAIBE\" \/>\n<meta property=\"og:description\" content=\"\u00c9QUIPE \u00c9QUIPE Les membres de l&#039;\u00e9quipe RFC. person_outline Dj Master Zouk person_outline \u00c9quipe Jacqueline person_outline Animateur Michelle person_outline 12 67 Chroniqueur Stanislas person_outline 3 3 \u00c9quipe Bill\" \/>\n<meta property=\"og:url\" content=\"https:\/\/frequencecaraibe.com\/index.php\/equipe\/\" \/>\n<meta property=\"og:site_name\" content=\"RADIO FREQUENCE CARAIBE\" \/>\n<meta property=\"article:modified_time\" content=\"2025-03-12T14:29:08+00:00\" \/>\n<meta property=\"og:image\" content=\"https:\/\/frequencecaraibe.com\/wp-content\/uploads\/2025\/02\/photo_master_zouk-370x480.jpg\" \/>\n<meta name=\"twitter:card\" content=\"summary_large_image\" \/>\n<script type=\"application\/ld+json\" class=\"yoast-schema-graph\">{\"@context\":\"https:\/\/schema.org\",\"@graph\":[{\"@type\":\"WebPage\",\"@id\":\"https:\/\/frequencecaraibe.com\/index.php\/equipe\/\",\"url\":\"https:\/\/frequencecaraibe.com\/index.php\/equipe\/\",\"name\":\"\u00c9quipe - RADIO FREQUENCE CARAIBE\",\"isPartOf\":{\"@id\":\"https:\/\/frequencecaraibe.com\/#website\"},\"primaryImageOfPage\":{\"@id\":\"https:\/\/frequencecaraibe.com\/index.php\/equipe\/#primaryimage\"},\"image\":{\"@id\":\"https:\/\/frequencecaraibe.com\/index.php\/equipe\/#primaryimage\"},\"thumbnailUrl\":\"https:\/\/frequencecaraibe.com\/wp-content\/uploads\/2025\/02\/photo_master_zouk-370x480.jpg\",\"datePublished\":\"2020-06-03T12:21:42+00:00\",\"dateModified\":\"2025-03-12T14:29:08+00:00\",\"breadcrumb\":{\"@id\":\"https:\/\/frequencecaraibe.com\/index.php\/equipe\/#breadcrumb\"},\"inLanguage\":\"fr-FR\",\"potentialAction\":[{\"@type\":\"ReadAction\",\"target\":[\"https:\/\/frequencecaraibe.com\/index.php\/equipe\/\"]}]},{\"@type\":\"ImageObject\",\"inLanguage\":\"fr-FR\",\"@id\":\"https:\/\/frequencecaraibe.com\/index.php\/equipe\/#primaryimage\",\"url\":\"https:\/\/frequencecaraibe.com\/wp-content\/uploads\/2025\/02\/photo_master_zouk-370x480.jpg\",\"contentUrl\":\"https:\/\/frequencecaraibe.com\/wp-content\/uploads\/2025\/02\/photo_master_zouk-370x480.jpg\"},{\"@type\":\"BreadcrumbList\",\"@id\":\"https:\/\/frequencecaraibe.com\/index.php\/equipe\/#breadcrumb\",\"itemListElement\":[{\"@type\":\"ListItem\",\"position\":1,\"name\":\"Accueil\",\"item\":\"https:\/\/frequencecaraibe.com\/\"},{\"@type\":\"ListItem\",\"position\":2,\"name\":\"\u00c9quipe\"}]},{\"@type\":\"WebSite\",\"@id\":\"https:\/\/frequencecaraibe.com\/#website\",\"url\":\"https:\/\/frequencecaraibe.com\/\",\"name\":\"RADIO FREQUENCE CARAIBE\",\"description\":\"La radio de la cote caraibe !\",\"publisher\":{\"@id\":\"https:\/\/frequencecaraibe.com\/#organization\"},\"potentialAction\":[{\"@type\":\"SearchAction\",\"target\":{\"@type\":\"EntryPoint\",\"urlTemplate\":\"https:\/\/frequencecaraibe.com\/?s={search_term_string}\"},\"query-input\":{\"@type\":\"PropertyValueSpecification\",\"valueRequired\":true,\"valueName\":\"search_term_string\"}}],\"inLanguage\":\"fr-FR\"},{\"@type\":\"Organization\",\"@id\":\"https:\/\/frequencecaraibe.com\/#organization\",\"name\":\"RADIO FREQUENCE CARAIBE\",\"url\":\"https:\/\/frequencecaraibe.com\/\",\"logo\":{\"@type\":\"ImageObject\",\"inLanguage\":\"fr-FR\",\"@id\":\"https:\/\/frequencecaraibe.com\/#\/schema\/logo\/image\/\",\"url\":\"https:\/\/frequencecaraibe.com\/wp-content\/uploads\/2020\/06\/logo_rfc.jpg\",\"contentUrl\":\"https:\/\/frequencecaraibe.com\/wp-content\/uploads\/2020\/06\/logo_rfc.jpg\",\"width\":500,\"height\":500,\"caption\":\"RADIO FREQUENCE CARAIBE\"},\"image\":{\"@id\":\"https:\/\/frequencecaraibe.com\/#\/schema\/logo\/image\/\"}}]}<\/script>\n<!-- \/ Yoast SEO plugin. -->","yoast_head_json":{"title":"\u00c9quipe - RADIO FREQUENCE CARAIBE","robots":{"index":"index","follow":"follow","max-snippet":"max-snippet:-1","max-image-preview":"max-image-preview:large","max-video-preview":"max-video-preview:-1"},"canonical":"https:\/\/frequencecaraibe.com\/index.php\/equipe\/","og_locale":"fr_FR","og_type":"article","og_title":"\u00c9quipe - RADIO FREQUENCE CARAIBE","og_description":"\u00c9QUIPE \u00c9QUIPE Les membres de l&#039;\u00e9quipe RFC. person_outline Dj Master Zouk person_outline \u00c9quipe Jacqueline person_outline Animateur Michelle person_outline 12 67 Chroniqueur Stanislas person_outline 3 3 \u00c9quipe Bill","og_url":"https:\/\/frequencecaraibe.com\/index.php\/equipe\/","og_site_name":"RADIO FREQUENCE CARAIBE","article_modified_time":"2025-03-12T14:29:08+00:00","og_image":[{"url":"https:\/\/frequencecaraibe.com\/wp-content\/uploads\/2025\/02\/photo_master_zouk-370x480.jpg","type":"","width":"","height":""}],"twitter_card":"summary_large_image","schema":{"@context":"https:\/\/schema.org","@graph":[{"@type":"WebPage","@id":"https:\/\/frequencecaraibe.com\/index.php\/equipe\/","url":"https:\/\/frequencecaraibe.com\/index.php\/equipe\/","name":"\u00c9quipe - RADIO FREQUENCE CARAIBE","isPartOf":{"@id":"https:\/\/frequencecaraibe.com\/#website"},"primaryImageOfPage":{"@id":"https:\/\/frequencecaraibe.com\/index.php\/equipe\/#primaryimage"},"image":{"@id":"https:\/\/frequencecaraibe.com\/index.php\/equipe\/#primaryimage"},"thumbnailUrl":"https:\/\/frequencecaraibe.com\/wp-content\/uploads\/2025\/02\/photo_master_zouk-370x480.jpg","datePublished":"2020-06-03T12:21:42+00:00","dateModified":"2025-03-12T14:29:08+00:00","breadcrumb":{"@id":"https:\/\/frequencecaraibe.com\/index.php\/equipe\/#breadcrumb"},"inLanguage":"fr-FR","potentialAction":[{"@type":"ReadAction","target":["https:\/\/frequencecaraibe.com\/index.php\/equipe\/"]}]},{"@type":"ImageObject","inLanguage":"fr-FR","@id":"https:\/\/frequencecaraibe.com\/index.php\/equipe\/#primaryimage","url":"https:\/\/frequencecaraibe.com\/wp-content\/uploads\/2025\/02\/photo_master_zouk-370x480.jpg","contentUrl":"https:\/\/frequencecaraibe.com\/wp-content\/uploads\/2025\/02\/photo_master_zouk-370x480.jpg"},{"@type":"BreadcrumbList","@id":"https:\/\/frequencecaraibe.com\/index.php\/equipe\/#breadcrumb","itemListElement":[{"@type":"ListItem","position":1,"name":"Accueil","item":"https:\/\/frequencecaraibe.com\/"},{"@type":"ListItem","position":2,"name":"\u00c9quipe"}]},{"@type":"WebSite","@id":"https:\/\/frequencecaraibe.com\/#website","url":"https:\/\/frequencecaraibe.com\/","name":"RADIO FREQUENCE CARAIBE","description":"La radio de la cote caraibe !","publisher":{"@id":"https:\/\/frequencecaraibe.com\/#organization"},"potentialAction":[{"@type":"SearchAction","target":{"@type":"EntryPoint","urlTemplate":"https:\/\/frequencecaraibe.com\/?s={search_term_string}"},"query-input":{"@type":"PropertyValueSpecification","valueRequired":true,"valueName":"search_term_string"}}],"inLanguage":"fr-FR"},{"@type":"Organization","@id":"https:\/\/frequencecaraibe.com\/#organization","name":"RADIO FREQUENCE CARAIBE","url":"https:\/\/frequencecaraibe.com\/","logo":{"@type":"ImageObject","inLanguage":"fr-FR","@id":"https:\/\/frequencecaraibe.com\/#\/schema\/logo\/image\/","url":"https:\/\/frequencecaraibe.com\/wp-content\/uploads\/2020\/06\/logo_rfc.jpg","contentUrl":"https:\/\/frequencecaraibe.com\/wp-content\/uploads\/2020\/06\/logo_rfc.jpg","width":500,"height":500,"caption":"RADIO FREQUENCE CARAIBE"},"image":{"@id":"https:\/\/frequencecaraibe.com\/#\/schema\/logo\/image\/"}}]}},"_links":{"self":[{"href":"https:\/\/frequencecaraibe.com\/index.php\/wp-json\/wp\/v2\/pages\/4692","targetHints":{"allow":["GET"]}}],"collection":[{"href":"https:\/\/frequencecaraibe.com\/index.php\/wp-json\/wp\/v2\/pages"}],"about":[{"href":"https:\/\/frequencecaraibe.com\/index.php\/wp-json\/wp\/v2\/types\/page"}],"author":[{"embeddable":true,"href":"https:\/\/frequencecaraibe.com\/index.php\/wp-json\/wp\/v2\/users\/1"}],"replies":[{"embeddable":true,"href":"https:\/\/frequencecaraibe.com\/index.php\/wp-json\/wp\/v2\/comments?post=4692"}],"version-history":[{"count":13,"href":"https:\/\/frequencecaraibe.com\/index.php\/wp-json\/wp\/v2\/pages\/4692\/revisions"}],"predecessor-version":[{"id":7889,"href":"https:\/\/frequencecaraibe.com\/index.php\/wp-json\/wp\/v2\/pages\/4692\/revisions\/7889"}],"wp:attachment":[{"href":"https:\/\/frequencecaraibe.com\/index.php\/wp-json\/wp\/v2\/media?parent=4692"}],"curies":[{"name":"wp","href":"https:\/\/api.w.org\/{rel}","templated":true}]}}